{"id":12829,"date":"2022-10-27T12:20:04","date_gmt":"2022-10-27T10:20:04","guid":{"rendered":"https:\/\/sp184lodz.edu.pl\/?page_id=12829"},"modified":"2022-10-27T12:20:04","modified_gmt":"2022-10-27T10:20:04","slug":"o-programie","status":"publish","type":"page","link":"https:\/\/sp184lodz.edu.pl\/index.php\/o-programie\/","title":{"rendered":"O programie"},"content":{"rendered":"<div style=\"text-align: center;\"><img decoding=\"async\" style=\"float: left; margin-right: 20px;  width: 300px;\" src=\"https:\/\/sp184lodz.edu.pl\/wp-content\/uploads\/2022\/09\/logo_laboratoria_przyszlosci.png\" alt=\"\" \/><\/div>\n<div style=\"text-align: justify; font-size: 17px; \"><a style=\"text-align: justify; font-size: 15px;\" href=\"https:\/\/www.gov.pl\/web\/laboratoria\" target=\"_blank\" rel=\"noopener\">Laboratoria Przysz\u0142o\u015bci<\/a> to inicjatywa edukacyjna realizowana przez Ministerstwo Edukacji i Nauki we wsp\u00f3\u0142pracy z Centrum GovTech w Kancelarii Prezesa Rady Ministr\u00f3w. Wsp\u00f3ln\u0105 misj\u0105 jest stworzenie nowoczesnej szko\u0142y, w kt\u00f3rej zaj\u0119cia b\u0119d\u0105 prowadzone w spos\u00f3b ciekawy, anga\u017cuj\u0105cy uczni\u00f3w oraz sprzyjaj\u0105cy odkrywaniu ich talent\u00f3w i rozwijaniu zainteresowa\u0144. Nasza szko\u0142a pozyska\u0142a 244 200 z\u0142 z projektu na: drukark\u0119 3D, roboty, peny 3D, klocki konstrukcyjne, wyposa\u017cenie pracowni techniczej  i wiele innych. W trakcie roku szkolnego zaplanowano wiele dzia\u0142a\u0144 z wykorzystaniem nowoczesnych technologii.<br \/> Celem inicjatywy jest wsparcie wszystkich szk\u00f3\u0142 podstawowych w budowaniu w\u015br\u00f3d uczni\u00f3w kompetencji przysz\u0142o\u015bci z tzw. kierunk\u00f3w STEAM (nauka, technologia, in\u017cynieria, sztuka oraz matematyka). <\/div>\n<div style=\"text-align: center;\"><a style=\"text-align: justify;\" href=\"https:\/\/www.gov.pl\/web\/laboratoria\" target=\"_blank\" rel=\"noopener\"><img decoding=\"async\" style=\"width: 500px;\" src=\"https:\/\/sp184lodz.edu.pl\/wp-content\/uploads\/2022\/09\/plakat_1_laboratoria.jpg\" alt=\"\" \/><\/a><\/div>\n","protected":false},"excerpt":{"rendered":"<p>Laboratoria Przysz\u0142o\u015bci to inicjatywa edukacyjna realizowana przez Ministerstwo Edukacji i Nauki we wsp\u00f3\u0142pracy z Centrum GovTech w Kancelarii Prezesa Rady Ministr\u00f3w. Wsp\u00f3ln\u0105 misj\u0105 jest stworzenie nowoczesnej szko\u0142y, w kt\u00f3rej zaj\u0119cia b\u0119d\u0105 prowadzone w spos\u00f3b ciekawy, anga\u017cuj\u0105cy uczni\u00f3w oraz sprzyjaj\u0105cy odkrywaniu <a href=\"https:\/\/sp184lodz.edu.pl\/index.php\/o-programie\/\" class=\"read-more\">czytaj wi\u0119cej &#8230;<\/a><\/p>\n","protected":false},"author":4,"featured_media":0,"parent":0,"menu_order":0,"comment_status":"closed","ping_status":"closed","template":"","meta":{"two_page_speed":[],"footnotes":""},"class_list":["post-12829","page","type-page","status-publish","hentry"],"_links":{"self":[{"href":"https:\/\/sp184lodz.edu.pl\/index.php\/wp-json\/wp\/v2\/pages\/12829","targetHints":{"allow":["GET"]}}],"collection":[{"href":"https:\/\/sp184lodz.edu.pl\/index.php\/wp-json\/wp\/v2\/pages"}],"about":[{"href":"https:\/\/sp184lodz.edu.pl\/index.php\/wp-json\/wp\/v2\/types\/page"}],"author":[{"embeddable":true,"href":"https:\/\/sp184lodz.edu.pl\/index.php\/wp-json\/wp\/v2\/users\/4"}],"replies":[{"embeddable":true,"href":"https:\/\/sp184lodz.edu.pl\/index.php\/wp-json\/wp\/v2\/comments?post=12829"}],"version-history":[{"count":1,"href":"https:\/\/sp184lodz.edu.pl\/index.php\/wp-json\/wp\/v2\/pages\/12829\/revisions"}],"predecessor-version":[{"id":12830,"href":"https:\/\/sp184lodz.edu.pl\/index.php\/wp-json\/wp\/v2\/pages\/12829\/revisions\/12830"}],"wp:attachment":[{"href":"https:\/\/sp184lodz.edu.pl\/index.php\/wp-json\/wp\/v2\/media?parent=12829"}],"curies":[{"name":"wp","href":"https:\/\/api.w.org\/{rel}","templated":true}]}}