{"id":14959,"date":"2023-04-28T17:11:28","date_gmt":"2023-04-28T15:11:28","guid":{"rendered":"https:\/\/sp184lodz.edu.pl\/?page_id=14959"},"modified":"2025-04-12T12:48:28","modified_gmt":"2025-04-12T10:48:28","slug":"sport-to-zdrowie","status":"publish","type":"page","link":"https:\/\/sp184lodz.edu.pl\/index.php\/dla-przyszlych-pierwszakow\/rekrutacja-2023-2024\/sport-to-zdrowie\/","title":{"rendered":"Sport to zdrowie"},"content":{"rendered":"<p><span style=\"font-family: comic sans ms, sans-serif; font-size: 14pt; color: #3366ff;\">Nasza szko\u0142a stwarza idealne warunki do aktywno\u015bci fizycznej i rozwijania sportowych pasji. Do dyspozycji uczni\u00f3w s\u0105:<\/span><br \/>\n<span style=\"font-family: comic sans ms, sans-serif; font-size: 14pt; color: #3366ff;\">&#x2714;&#xfe0f; p\u0142ywalnia,<\/span><br \/>\n<span style=\"font-family: comic sans ms, sans-serif; font-size: 14pt; color: #3366ff;\">&#x2714;&#xfe0f; nowoczesne sale gimnastyczne,<\/span><br \/>\n<span style=\"font-family: comic sans ms, sans-serif; font-size: 14pt; color: #3366ff;\">&#x2714;&#xfe0f; plac zabaw,<\/span><br \/>\n<span style=\"font-family: comic sans ms, sans-serif; font-size: 14pt; color: #3366ff;\">&#x2714;&#xfe0f; du\u017cy, zielony teren wok\u00f3\u0142 szko\u0142y.<\/span><\/p>\n<p><span style=\"font-family: comic sans ms, sans-serif; font-size: 14pt; color: #3366ff;\">Dlatego przy ogromnym zaanga\u017cowaniu nauczycieli i uczni\u00f3w tak pr\u0119\u017cnie rozwija si\u0119 sekcja koszyk\u00f3wki oraz siatk\u00f3wki wygrywaj\u0105c coraz wi\u0119cej meczy podczas mi\u0119dzyszkolnych turniej\u00f3w. Bo jak wiadomo \u2013 <strong>w zdrowym ciele, zdrowy duch!<\/strong><\/span><\/p>\n<p><a href=\"https:\/\/sp184lodz.edu.pl\/index.php\/rekrutacja-2023-2024\/\"><span style=\"color: #ff6600;\"><em><strong>powr\u00f3t do rekrutacja<\/strong><\/em><\/span><\/a><br \/>\n<iframe loading=\"lazy\" src=\"\/\/www.youtube.com\/embed\/9FbSyamx3yc\" width=\"300\" height=\"168\" allowfullscreen=\"allowfullscreen\"><\/iframe><\/p>\n","protected":false},"excerpt":{"rendered":"<p>Nasza szko\u0142a stwarza idealne warunki do aktywno\u015bci fizycznej i rozwijania sportowych pasji. Do dyspozycji uczni\u00f3w s\u0105: &#x2714;&#xfe0f; p\u0142ywalnia, &#x2714;&#xfe0f; nowoczesne sale gimnastyczne, &#x2714;&#xfe0f; plac zabaw, &#x2714;&#xfe0f; du\u017cy, zielony teren wok\u00f3\u0142 szko\u0142y. Dlatego przy ogromnym zaanga\u017cowaniu nauczycieli i uczni\u00f3w tak pr\u0119\u017cnie <a href=\"https:\/\/sp184lodz.edu.pl\/index.php\/dla-przyszlych-pierwszakow\/rekrutacja-2023-2024\/sport-to-zdrowie\/\" class=\"read-more\">czytaj wi\u0119cej &#8230;<\/a><\/p>\n","protected":false},"author":1,"featured_media":0,"parent":14348,"menu_order":4,"comment_status":"closed","ping_status":"closed","template":"","meta":{"two_page_speed":[],"footnotes":""},"class_list":["post-14959","page","type-page","status-publish","hentry"],"_links":{"self":[{"href":"https:\/\/sp184lodz.edu.pl\/index.php\/wp-json\/wp\/v2\/pages\/14959","targetHints":{"allow":["GET"]}}],"collection":[{"href":"https:\/\/sp184lodz.edu.pl\/index.php\/wp-json\/wp\/v2\/pages"}],"about":[{"href":"https:\/\/sp184lodz.edu.pl\/index.php\/wp-json\/wp\/v2\/types\/page"}],"author":[{"embeddable":true,"href":"https:\/\/sp184lodz.edu.pl\/index.php\/wp-json\/wp\/v2\/users\/1"}],"replies":[{"embeddable":true,"href":"https:\/\/sp184lodz.edu.pl\/index.php\/wp-json\/wp\/v2\/comments?post=14959"}],"version-history":[{"count":4,"href":"https:\/\/sp184lodz.edu.pl\/index.php\/wp-json\/wp\/v2\/pages\/14959\/revisions"}],"predecessor-version":[{"id":20081,"href":"https:\/\/sp184lodz.edu.pl\/index.php\/wp-json\/wp\/v2\/pages\/14959\/revisions\/20081"}],"up":[{"embeddable":true,"href":"https:\/\/sp184lodz.edu.pl\/index.php\/wp-json\/wp\/v2\/pages\/14348"}],"wp:attachment":[{"href":"https:\/\/sp184lodz.edu.pl\/index.php\/wp-json\/wp\/v2\/media?parent=14959"}],"curies":[{"name":"wp","href":"https:\/\/api.w.org\/{rel}","templated":true}]}}