{"id":20083,"date":"2025-04-12T12:43:25","date_gmt":"2025-04-12T10:43:25","guid":{"rendered":"https:\/\/sp184lodz.edu.pl\/?page_id=20083"},"modified":"2025-04-12T12:43:25","modified_gmt":"2025-04-12T10:43:25","slug":"basen","status":"publish","type":"page","link":"https:\/\/sp184lodz.edu.pl\/index.php\/dla-przyszlych-pierwszakow\/rekrutacja-2023-2024\/basen\/","title":{"rendered":"Basen"},"content":{"rendered":"<p><span style=\"font-family: tahoma, arial, helvetica, sans-serif; font-size: 14pt; color: #0000ff;\">P\u0142ywa\u0107 mo\u017ce ka\u017cdy \u2013 a nasi uczniowie przekonuj\u0105 si\u0119 o tym ju\u017c od pierwszej klasy! Regularne zaj\u0119cia na p\u0142ywalni nie tylko ucz\u0105 techniki, ale tak\u017ce rozwijaj\u0105 pewno\u015b\u0107 siebie w wodzie. W naszej szkole dzia\u0142a r\u00f3wnie\u017c klub \u201eUKS 184 Syrenka\u201d oraz sekcja pi\u0142ki wodnej, gdzie m\u0142odzi sportowcy mog\u0105 doskonali\u0107 swoje umiej\u0119tno\u015bci i rozwija\u0107 sportowe pasje.<\/span><\/p>\n","protected":false},"excerpt":{"rendered":"<p>P\u0142ywa\u0107 mo\u017ce ka\u017cdy \u2013 a nasi uczniowie przekonuj\u0105 si\u0119 o tym ju\u017c od pierwszej klasy! Regularne zaj\u0119cia na p\u0142ywalni nie tylko ucz\u0105 techniki, ale tak\u017ce rozwijaj\u0105 pewno\u015b\u0107 siebie w wodzie. W naszej szkole dzia\u0142a r\u00f3wnie\u017c klub \u201eUKS 184 Syrenka\u201d oraz <a href=\"https:\/\/sp184lodz.edu.pl\/index.php\/dla-przyszlych-pierwszakow\/rekrutacja-2023-2024\/basen\/\" class=\"read-more\">czytaj wi\u0119cej &#8230;<\/a><\/p>\n","protected":false},"author":1,"featured_media":0,"parent":14348,"menu_order":6,"comment_status":"closed","ping_status":"closed","template":"","meta":{"two_page_speed":[],"footnotes":""},"class_list":["post-20083","page","type-page","status-publish","hentry"],"_links":{"self":[{"href":"https:\/\/sp184lodz.edu.pl\/index.php\/wp-json\/wp\/v2\/pages\/20083","targetHints":{"allow":["GET"]}}],"collection":[{"href":"https:\/\/sp184lodz.edu.pl\/index.php\/wp-json\/wp\/v2\/pages"}],"about":[{"href":"https:\/\/sp184lodz.edu.pl\/index.php\/wp-json\/wp\/v2\/types\/page"}],"author":[{"embeddable":true,"href":"https:\/\/sp184lodz.edu.pl\/index.php\/wp-json\/wp\/v2\/users\/1"}],"replies":[{"embeddable":true,"href":"https:\/\/sp184lodz.edu.pl\/index.php\/wp-json\/wp\/v2\/comments?post=20083"}],"version-history":[{"count":1,"href":"https:\/\/sp184lodz.edu.pl\/index.php\/wp-json\/wp\/v2\/pages\/20083\/revisions"}],"predecessor-version":[{"id":20084,"href":"https:\/\/sp184lodz.edu.pl\/index.php\/wp-json\/wp\/v2\/pages\/20083\/revisions\/20084"}],"up":[{"embeddable":true,"href":"https:\/\/sp184lodz.edu.pl\/index.php\/wp-json\/wp\/v2\/pages\/14348"}],"wp:attachment":[{"href":"https:\/\/sp184lodz.edu.pl\/index.php\/wp-json\/wp\/v2\/media?parent=20083"}],"curies":[{"name":"wp","href":"https:\/\/api.w.org\/{rel}","templated":true}]}}