{"id":20119,"date":"2025-04-13T18:55:22","date_gmt":"2025-04-13T16:55:22","guid":{"rendered":"https:\/\/sp184lodz.edu.pl\/?page_id=20119"},"modified":"2025-04-13T18:57:16","modified_gmt":"2025-04-13T16:57:16","slug":"grafik-plywalni","status":"publish","type":"page","link":"https:\/\/sp184lodz.edu.pl\/index.php\/grafik-plywalni\/","title":{"rendered":"Grafik P\u0142ywalni"},"content":{"rendered":"<p><img loading=\"lazy\" decoding=\"async\" class=\"aligncenter wp-image-1023 size-full\" src=\"http:\/\/sp184lodz.edu.pl\/wp-content\/uploads\/2017\/03\/liniaa.gif\" alt=\"\" width=\"534\" height=\"8\" \/><\/p>\r\n<h1 class=\"naglowek\" style=\"text-align: center;\">Grafik p\u0142ywalnia szkolnej &#8222;SYRENKA&#8221;<\/h1>\r\n<p><img loading=\"lazy\" decoding=\"async\" class=\"wp-image-20120 aligncenter\" src=\"https:\/\/sp184lodz.edu.pl\/wp-content\/uploads\/2025\/04\/grafik_plywalni.gif\" alt=\"\" width=\"576\" height=\"517\" \/> \u00a0 \u00a0 <img loading=\"lazy\" decoding=\"async\" class=\"aligncenter wp-image-1023 size-full\" src=\"http:\/\/sp184lodz.edu.pl\/wp-content\/uploads\/2017\/03\/liniaa.gif\" alt=\"\" width=\"534\" height=\"8\" \/><\/p>\r\n<hr \/>\r\n\r\n<!--<span data-mce-type=\"bookmark\" class=\"mce_SELRES_start\"><\/span><strong>Zaj\u0119cia z p\u0142ywania w ramach godzin szkolnych na p\u0142ywalni \"Syrenka\" przy Szkole Podstawowej nr 184<\/strong>\r\n\r\n-->\r\n\r\n\r\n\r\n\r\n<p>\u00a0 <strong><span style=\"font-size: 14pt;\" data-olk-copy-source=\"MessageBody\">P\u0142ywanie rekreacyjne dost\u0119pne jest codziennie o godzinie 20.00 od poniedzia\u0142ku do pi\u0105tku i w sobot\u0119 o godzinie 8.45, 9.30 ,12.30 i 13.15<\/span><\/strong> \u00a0<\/p>\r\n\r\n\r\n\r\n\r\n\r\n<div class=\"wp-block-image\">\r\n<figure class=\"aligncenter\"><img loading=\"lazy\" decoding=\"async\" width=\"534\" height=\"8\" class=\"wp-image-1023 aligncenter\" src=\"http:\/\/sp184lodz.edu.pl\/wp-content\/uploads\/2017\/03\/liniaa.gif\" alt=\"\" \/><\/figure>\r\n<\/div>\r\n\r\n\r\n\r\n<p>&nbsp;<\/p>","protected":false},"excerpt":{"rendered":"<p>Grafik p\u0142ywalnia szkolnej &#8222;SYRENKA&#8221; \u00a0 \u00a0 \u00a0 P\u0142ywanie rekreacyjne dost\u0119pne jest codziennie o godzinie 20.00 od poniedzia\u0142ku do pi\u0105tku i w sobot\u0119 o godzinie 8.45, 9.30 ,12.30 i 13.15 \u00a0 &nbsp;<\/p>\n","protected":false},"author":4,"featured_media":0,"parent":0,"menu_order":0,"comment_status":"closed","ping_status":"closed","template":"","meta":{"two_page_speed":[],"footnotes":""},"class_list":["post-20119","page","type-page","status-publish","hentry"],"_links":{"self":[{"href":"https:\/\/sp184lodz.edu.pl\/index.php\/wp-json\/wp\/v2\/pages\/20119","targetHints":{"allow":["GET"]}}],"collection":[{"href":"https:\/\/sp184lodz.edu.pl\/index.php\/wp-json\/wp\/v2\/pages"}],"about":[{"href":"https:\/\/sp184lodz.edu.pl\/index.php\/wp-json\/wp\/v2\/types\/page"}],"author":[{"embeddable":true,"href":"https:\/\/sp184lodz.edu.pl\/index.php\/wp-json\/wp\/v2\/users\/4"}],"replies":[{"embeddable":true,"href":"https:\/\/sp184lodz.edu.pl\/index.php\/wp-json\/wp\/v2\/comments?post=20119"}],"version-history":[{"count":3,"href":"https:\/\/sp184lodz.edu.pl\/index.php\/wp-json\/wp\/v2\/pages\/20119\/revisions"}],"predecessor-version":[{"id":20124,"href":"https:\/\/sp184lodz.edu.pl\/index.php\/wp-json\/wp\/v2\/pages\/20119\/revisions\/20124"}],"wp:attachment":[{"href":"https:\/\/sp184lodz.edu.pl\/index.php\/wp-json\/wp\/v2\/media?parent=20119"}],"curies":[{"name":"wp","href":"https:\/\/api.w.org\/{rel}","templated":true}]}}