{"id":22049,"date":"2026-05-14T13:31:57","date_gmt":"2026-05-14T11:31:57","guid":{"rendered":"https:\/\/sp184lodz.edu.pl\/?page_id=22049"},"modified":"2026-05-14T13:58:47","modified_gmt":"2026-05-14T11:58:47","slug":"asystent","status":"publish","type":"page","link":"https:\/\/sp184lodz.edu.pl\/index.php\/strefa-rodzica\/organizacja-szkoly\/asystent\/","title":{"rendered":"Asystent"},"content":{"rendered":"<p>&nbsp;<\/p>\n<table style=\"height: 200px;\" border=\"3\" width=\"516\" align=\"center\" bgcolor=\"#00FF21\">\n<tbody>\n<tr>\n<td colspan=\"2\" align=\"center\" bgcolor=\"#FF84FA\"><span style=\"color: black;\">W naszej szkole w <b>s. 207E <\/b>pe\u0142ni dy\u017cury<br \/>\n<b>asystent mi\u0119dzykulturowy<\/b><\/span><\/p>\n<h2><span style=\"color: black;\"> <b>mgr Viktoriia Kalmytska<\/b><\/span><\/h2>\n<\/td>\n<\/tr>\n<tr>\n<td colspan=\"2\" align=\"center\" bgcolor=\"#B8FF47\">\n<h2><span style=\"color: black;\">Harmonogram pracy<\/span><\/h2>\n<\/td>\n<\/tr>\n<p><!--\n\n\n<tr>\n\n\n<td align=\"center\" bgcolor=\"#FFFF3D\">poniedzia\u0142ek<\/td>\n\n\n\n\n<td align=\"center\" bgcolor=\"#FFFF3D\">7<sup><u>00<\/u><\/sup> - 12<sup><u>30<\/u><\/sup><\/td>\n\n\n<\/tr>\n\n\n\n\n<tr>\n\n\n<td align=\"center\" bgcolor=\"#FFFF3D\">wtorek<\/td>\n\n\n\n\n<td align=\"center\" bgcolor=\"#FFFF3D\">11<sup><u>30<\/u><\/sup> - 17<sup><u>30<\/u><\/sup><\/td>\n\n\n<\/tr>\n\n\n\n\n<tr>\n\n\n<td align=\"center\" bgcolor=\"#FFFF3D\">\u015broda<\/td>\n\n\n\n\n<td align=\"center\" bgcolor=\"#FFFF3D\">11<sup><u>30<\/u><\/sup> - 16<sup><u>30<\/u><\/sup><\/td>\n\n\n<\/tr>\n\n\n\n\n<tr>\n\n\n<td align=\"center\" bgcolor=\"#FFFF3D\">czwartek<\/td>\n\n\n\n\n<td align=\"center\" bgcolor=\"#FFFF3D\">12<sup><u>30<\/u><\/sup> - 16<sup><u>30<\/u><\/sup><\/td>\n\n\n<\/tr>\n\n\n\n\n<tr>\n\n\n<td align=\"center\" bgcolor=\"#FFFF3D\">pi\u0105tek<\/td>\n\n\n\n\n<td align=\"center\" bgcolor=\"#FFFF3D\">7<sup><u>00<\/u><\/sup> - 16<sup><u>30<\/u><\/sup><\/td>\n\n\n<\/tr>\n\n\n--><\/tbody>\n<\/table>\n<p><img loading=\"lazy\" decoding=\"async\" class=\"aligncenter  wp-image-22055\" src=\"https:\/\/sp184lodz.edu.pl\/wp-content\/uploads\/2026\/05\/asmk.png\" alt=\"\" width=\"359\" height=\"351\" srcset=\"https:\/\/sp184lodz.edu.pl\/wp-content\/uploads\/2026\/05\/asmk.png 695w, https:\/\/sp184lodz.edu.pl\/wp-content\/uploads\/2026\/05\/asmk-300x293.png 300w, https:\/\/sp184lodz.edu.pl\/wp-content\/uploads\/2026\/05\/asmk-600x586.png 600w\" sizes=\"auto, (max-width: 359px) 100vw, 359px\" \/><\/p>\n","protected":false},"excerpt":{"rendered":"<p>&nbsp; W naszej szkole w s. 207E pe\u0142ni dy\u017cury asystent mi\u0119dzykulturowy mgr Viktoriia Kalmytska Harmonogram pracy<\/p>\n","protected":false},"author":1,"featured_media":0,"parent":779,"menu_order":7,"comment_status":"closed","ping_status":"closed","template":"","meta":{"two_page_speed":[],"footnotes":""},"class_list":["post-22049","page","type-page","status-publish","hentry"],"_links":{"self":[{"href":"https:\/\/sp184lodz.edu.pl\/index.php\/wp-json\/wp\/v2\/pages\/22049","targetHints":{"allow":["GET"]}}],"collection":[{"href":"https:\/\/sp184lodz.edu.pl\/index.php\/wp-json\/wp\/v2\/pages"}],"about":[{"href":"https:\/\/sp184lodz.edu.pl\/index.php\/wp-json\/wp\/v2\/types\/page"}],"author":[{"embeddable":true,"href":"https:\/\/sp184lodz.edu.pl\/index.php\/wp-json\/wp\/v2\/users\/1"}],"replies":[{"embeddable":true,"href":"https:\/\/sp184lodz.edu.pl\/index.php\/wp-json\/wp\/v2\/comments?post=22049"}],"version-history":[{"count":3,"href":"https:\/\/sp184lodz.edu.pl\/index.php\/wp-json\/wp\/v2\/pages\/22049\/revisions"}],"predecessor-version":[{"id":22056,"href":"https:\/\/sp184lodz.edu.pl\/index.php\/wp-json\/wp\/v2\/pages\/22049\/revisions\/22056"}],"up":[{"embeddable":true,"href":"https:\/\/sp184lodz.edu.pl\/index.php\/wp-json\/wp\/v2\/pages\/779"}],"wp:attachment":[{"href":"https:\/\/sp184lodz.edu.pl\/index.php\/wp-json\/wp\/v2\/media?parent=22049"}],"curies":[{"name":"wp","href":"https:\/\/api.w.org\/{rel}","templated":true}]}}