{"id":2248,"date":"2017-09-02T19:44:55","date_gmt":"2017-09-02T17:44:55","guid":{"rendered":"http:\/\/sp184lodz.edu.pl\/?page_id=2248"},"modified":"2017-09-02T19:49:17","modified_gmt":"2017-09-02T17:49:17","slug":"podreczniki-dla-klas-4-7","status":"publish","type":"page","link":"https:\/\/sp184lodz.edu.pl\/index.php\/strefa-ucznia\/podreczniki-2\/podreczniki-dla-klas-4-7\/","title":{"rendered":"Podr\u0119czniki dla klas 4-7"},"content":{"rendered":"<table>\n<tbody>\n<tr>\n<td width=\"36\"><strong>IV<\/strong><\/td>\n<td width=\"76\"><strong>Religia<\/strong><\/td>\n<td width=\"132\">Red. Ks. Jan Szpet,<\/p>\n<p>Danuta Jackowiak<\/p>\n<p>&nbsp;<\/p>\n<p>Wyd. \u015aw. Wojciech<\/td>\n<td width=\"180\">\u201eJestem Chrze\u015bcijaninem\u201d<\/td>\n<td width=\"113\">AZ-21-01\/10-PO-1\/11<\/td>\n<td width=\"161\">\u201eJestem Chrze\u015bcijaninem\u201d<\/p>\n<p>Karty pracy<\/td>\n<\/tr>\n<tr>\n<td width=\"36\"><strong>IV<\/strong><\/td>\n<td width=\"76\"><strong>J\u0119zyk<br \/>\npolski<\/strong><\/td>\n<td width=\"132\">Agnieszka \u0141uczak,<\/p>\n<p>Anna Murdzek<\/p>\n<p>&nbsp;<\/p>\n<p>GWO<\/td>\n<td width=\"180\">\u201eMi\u0119dzy nami 4\u201d<\/td>\n<td width=\"113\">867\/1\/2017<\/td>\n<td width=\"161\">&#8211;<\/td>\n<\/tr>\n<tr>\n<td width=\"36\"><strong>IV<\/strong><\/td>\n<td width=\"76\"><strong>J\u0119zyk<br \/>\nangielski<\/strong><\/td>\n<td width=\"132\">S. Wheeldon,<\/p>\n<p>T. Falla,<\/p>\n<p>P.A. Davies,<\/p>\n<p>P. Shipton<\/p>\n<p>&nbsp;<\/p>\n<p>OUP<\/td>\n<td width=\"180\">\u201cSteps Plus 1\u201d<\/td>\n<td width=\"113\">800\/1\/2017<\/td>\n<td width=\"161\">&#8211;<\/td>\n<\/tr>\n<tr>\n<td width=\"36\"><strong>IV<\/strong><\/td>\n<td width=\"76\"><strong>Muzyka<\/strong><\/td>\n<td width=\"132\">Teresa W\u00f3jcik<\/p>\n<p>&nbsp;<\/p>\n<p>Grupa MAC S.A.<\/td>\n<td width=\"180\">\u201eMuzyka\u201d.<\/p>\n<p>Podr\u0119cznik dla kl. 4<\/p>\n<p>szko\u0142y podstawowej.<\/td>\n<td width=\"113\">909\/1\/2017<\/td>\n<td width=\"161\">&#8211;<\/td>\n<\/tr>\n<tr>\n<td width=\"36\"><strong>IV<\/strong><\/td>\n<td width=\"76\"><strong>Plastyka<\/strong><\/td>\n<td width=\"132\">Jadwiga Lukas,<\/p>\n<p>Krystyna Onak<\/p>\n<p>&nbsp;<\/p>\n<p>Nowa Era<\/td>\n<td width=\"180\">\u201eDo dzie\u0142a!\u201d<\/p>\n<p>Podr\u0119cznik do plastyki kl 4<\/p>\n<p>szko\u0142y podstawowej<\/td>\n<td width=\"113\">903\/1\/2017<\/td>\n<td width=\"161\">&#8211;<\/td>\n<\/tr>\n<tr>\n<td width=\"36\"><strong>IV<\/strong><\/td>\n<td width=\"76\"><strong>Historia<\/strong><\/td>\n<td width=\"132\">Bogumi\u0142a Olszewska,<\/p>\n<p>Wies\u0142awa Surdyk-Fertsch,<\/p>\n<p>Grzegorz Wojciechowski<\/td>\n<td width=\"180\">\u201eWczoraj i dzi\u015b 4\u201d<\/td>\n<td width=\"113\">877\/1\/2017<\/td>\n<td width=\"161\">&#8211;<\/td>\n<\/tr>\n<tr>\n<td width=\"36\"><strong>IV<\/strong><\/td>\n<td width=\"76\"><strong>Przyroda<\/strong><\/td>\n<td width=\"132\">Maria Marko-Wor\u0142owska,<\/p>\n<p>Joanna Stawarz,<\/p>\n<p>Feliks Szlajer<\/p>\n<p>&nbsp;<\/p>\n<p>Nowa Era<\/td>\n<td width=\"180\">\u201eTajemnice przyrody 4\u201d<\/td>\n<td width=\"113\">863\/2017<\/td>\n<td width=\"161\">\u201eTajemnice przyrody 4\u201d.<\/p>\n<p>Zeszyt \u0107wicze\u0144 do przyrody<\/p>\n<p>dla klasy czwartej szko\u0142y podstawowej<\/td>\n<\/tr>\n<tr>\n<td width=\"36\"><strong>IV<\/strong><\/td>\n<td width=\"76\"><strong>Matematyka<\/strong><\/td>\n<td width=\"132\">Ma\u0142gorzata Dobrowolska,<\/p>\n<p>Marta Jucewicz,<\/p>\n<p>Marcin Karpi\u0144ski<\/p>\n<p>&nbsp;<\/p>\n<p>GWO<\/td>\n<td width=\"180\">\u201eMatematyka 4 z plusem\u201d<\/td>\n<td width=\"113\">780\/1\/2017<\/td>\n<td width=\"161\">&#8211;<\/td>\n<\/tr>\n<tr>\n<td width=\"36\"><strong>IV<\/strong><\/td>\n<td width=\"76\"><strong>Informatyka<\/strong><\/td>\n<td width=\"132\">Danuta Kia\u0142ka,<\/p>\n<p>Katarzyna Kia\u0142ka<\/p>\n<p>&nbsp;<\/p>\n<p>Helion<\/td>\n<td width=\"180\">\u201eInformatyka Europejczyka\u201d.<\/p>\n<p>Podr\u0119cznik do informatyki<\/p>\n<p>dla szko\u0142y podstawowej.<\/p>\n<p>Klasa 4<\/td>\n<td width=\"113\">876\/1\/2017<\/td>\n<td width=\"161\">Zestaw \u0107wicze\u0144<\/p>\n<p>multimedialnych z p\u0142yty CD<\/td>\n<\/tr>\n<tr>\n<td width=\"36\"><strong>IV<\/strong><\/td>\n<td width=\"76\"><strong>Technika<\/strong><\/td>\n<td width=\"132\">Lech \u0141abecki,<\/p>\n<p>Marta \u0141abecka<\/p>\n<p>&nbsp;<\/p>\n<p>Nowa Era<\/td>\n<td width=\"180\">\u201eJak to dzia\u0142a?\u201d<\/p>\n<p>Podr\u0119cznik do zaj\u0119\u0107 technicznych<\/p>\n<p>kl. 4 szko\u0142y podstawowej<\/td>\n<td width=\"113\">295\/1\/2017<\/td>\n<td width=\"161\">&#8211;<\/td>\n<\/tr>\n<\/tbody>\n<\/table>\n<hr \/>\n<table>\n<tbody>\n<tr>\n<td width=\"36\"><strong>V<\/strong><\/td>\n<td width=\"76\"><strong>Religia<\/strong><\/td>\n<td width=\"132\">Red. Ks. Jan Szpet,<\/p>\n<p>Danuta Jackowiak<\/p>\n<p>&nbsp;<\/p>\n<p>Wyd. \u015aw. Wojciech<\/td>\n<td width=\"180\">\u201eWierz\u0119 w Boga\u201d<\/td>\n<td width=\"113\">AZ-22-01\/10-PO-1\/12<\/td>\n<td width=\"161\">\u201eWierz\u0119 w Boga\u201d. Karty pracy<\/td>\n<\/tr>\n<tr>\n<td width=\"36\"><strong>V<\/strong><\/td>\n<td width=\"76\"><strong>J\u0119zyk<br \/>\npolski<\/strong><\/td>\n<td width=\"132\">Agnieszka \u0141uczak,<\/p>\n<p>Anna Murdzek<\/p>\n<p>&nbsp;<\/p>\n<p>GWO<\/td>\n<td width=\"180\">\u201eMi\u0119dzy nami 5\u201d<\/td>\n<td width=\"113\">445\/2\/2013\/2015<\/td>\n<td width=\"161\">&#8211;<\/td>\n<\/tr>\n<tr>\n<td width=\"36\"><strong>V<\/strong><\/td>\n<td width=\"76\"><strong>J\u0119zyk<br \/>\nangielski<\/strong><\/td>\n<td width=\"132\">T. Falla,<\/p>\n<p>P.A. Davies,<\/p>\n<p>S. Wheeldon,<\/p>\n<p>P. Shipton,<\/p>\n<p>E. Palczak,<\/p>\n<p>M. Szpotowicz<\/p>\n<p>&nbsp;<\/p>\n<p>OUP<\/td>\n<td width=\"180\">\u201cSteps Forward 2\u201d<\/td>\n<td width=\"113\">741\/1\/2015<\/td>\n<td width=\"161\">&#8211;<\/td>\n<\/tr>\n<tr>\n<td width=\"36\"><strong>V<\/strong><\/td>\n<td width=\"76\"><strong>Muzyka<\/strong><\/td>\n<td width=\"132\">Teresa W\u00f3jcik<\/p>\n<p>&nbsp;<\/p>\n<p>Grupa MAC S.A.<\/td>\n<td width=\"180\">\u201eMuzyczny \u015awiat\u201d.<\/p>\n<p>Podr\u0119cznik kl. 5<\/td>\n<td width=\"113\">495\/2\/2013<\/td>\n<td width=\"161\">&#8211;<\/td>\n<\/tr>\n<tr>\n<td width=\"36\"><strong>V<\/strong><\/td>\n<td width=\"76\"><strong>Plastyka<\/strong><\/td>\n<td width=\"132\">Jadwiga Lukas,<\/p>\n<p>Krystyna Onak<\/p>\n<p>&nbsp;<\/p>\n<p>Nowa Era<\/td>\n<td width=\"180\">\u201eDo dzie\u0142a!\u201d<\/p>\n<p>Podr\u0119cznik do plastyki<\/p>\n<p>kl. 5 szko\u0142y podstawowej<\/td>\n<td width=\"113\">326\/2\/2011\/2015<\/td>\n<td width=\"161\">&#8211;<\/td>\n<\/tr>\n<tr>\n<td width=\"36\"><strong>V<\/strong><\/td>\n<td width=\"76\"><strong>Historia<br \/>\ni spo\u0142.<\/strong><\/td>\n<td width=\"132\">Grzegorz Wojciechowski<\/td>\n<td width=\"180\">\u201eWczoraj i dzi\u015b 5\u201d<\/td>\n<td width=\"113\">443\/2\/2013\/2015<\/td>\n<td width=\"161\">&#8211;<\/td>\n<\/tr>\n<tr>\n<td width=\"36\"><strong>V<\/strong><\/td>\n<td width=\"76\"><strong>Przyroda<\/strong><\/td>\n<td width=\"132\">Marcin Braun,<\/p>\n<p>Wojciech Grajkowski,<\/p>\n<p>Marek Wi\u0119ckowski<\/p>\n<p>&nbsp;<\/p>\n<p>Nowa Era<\/td>\n<td width=\"180\">\u201eNa tropach przyrody 5\u201d<\/td>\n<td width=\"113\">554\/2\/2013\/2015<\/td>\n<td width=\"161\">\u201eNa tropach przyrody\u201d.<\/p>\n<p>Zeszyt \u0107wicze\u0144 do przyrody<\/p>\n<p>dla klasy pi\u0105tej szko\u0142y podstawowej<\/p>\n<p>(nowe wydanie)<\/td>\n<\/tr>\n<tr>\n<td width=\"36\"><strong>V<\/strong><\/td>\n<td width=\"76\"><strong>Matematyka<\/strong><\/td>\n<td width=\"132\">Ma\u0142gorzata Dobrowolska,<\/p>\n<p>Marta Jucewicz,<\/p>\n<p>Marcin Karpi\u0144ski,<\/p>\n<p>Piotr Zarzycki<\/p>\n<p>&nbsp;<\/p>\n<p>GWO<\/td>\n<td width=\"180\">\u201eMatematyka 5 z plusem\u201d<\/td>\n<td width=\"113\">773\/2\/2016<\/td>\n<td width=\"161\">&#8211;<\/td>\n<\/tr>\n<tr>\n<td width=\"36\"><strong>V<\/strong><\/td>\n<td width=\"76\"><strong>Zaj\u0119cia<br \/>\nkomputer.<\/strong><\/td>\n<td width=\"132\">Gra\u017cyna Koba<\/p>\n<p>&nbsp;<\/p>\n<p>MiGra<\/td>\n<td width=\"180\">\u201eZ nowym bitem 5\u201d.<\/p>\n<p>Zaj\u0119cia Komputerowe<\/p>\n<p>dla szko\u0142y podstawowej.<\/p>\n<p>kl. 5<\/td>\n<td width=\"113\">740\/2\/2016<\/td>\n<td width=\"161\">&#8211;<\/td>\n<\/tr>\n<tr>\n<td width=\"36\"><strong>V<\/strong><\/td>\n<td width=\"76\"><strong>Zaj\u0119cia<br \/>\ntechniczne<\/strong><\/td>\n<td width=\"132\">Lech \u0141abecki,<\/p>\n<p>Marta \u0141abecka<\/p>\n<p>&nbsp;<\/p>\n<p>Nowa Era<\/td>\n<td width=\"180\">\u201eJak to dzia\u0142a?\u201d<\/p>\n<p>Podr\u0119cznik do zaj\u0119\u0107 technicznych<\/p>\n<p>kl. 5 szko\u0142y podstawowej<\/td>\n<td width=\"113\">295\/2\/2010\/2015<\/td>\n<td width=\"161\">&#8211;<\/td>\n<\/tr>\n<\/tbody>\n<\/table>\n<hr \/>\n<table>\n<tbody>\n<tr>\n<td width=\"36\"><strong>VI<\/strong><\/td>\n<td width=\"76\"><strong>Religia<\/strong><\/td>\n<td width=\"132\">Red. Ks. Jan Szpet,<\/p>\n<p>Danuta Jackowiak<\/p>\n<p>&nbsp;<\/p>\n<p>Wyd. \u015aw. Wojciech<\/td>\n<td width=\"180\">\u201eWierz\u0119 w Ko\u015bci\u00f3\u0142\u201d<\/td>\n<td width=\"113\">AZ-23-01\/10-PO-2\/13<\/td>\n<td width=\"161\">\u201eWierz\u0119 w Ko\u015bci\u00f3\u0142\u201d.<\/p>\n<p>Karty pracy<\/td>\n<\/tr>\n<tr>\n<td width=\"36\"><strong>VI<\/strong><\/td>\n<td width=\"76\"><strong>J\u0119zyk<br \/>\npolski<\/strong><\/td>\n<td width=\"132\">Agnieszka \u0141uczak,<\/p>\n<p>Anna Murdzek<\/p>\n<p>&nbsp;<\/p>\n<p>GWO<\/td>\n<td width=\"180\">\u201eMi\u0119dzy nami 6\u201d<\/td>\n<td width=\"113\">445\/3\/2014\/2016<\/td>\n<td width=\"161\">&#8211;<\/td>\n<\/tr>\n<tr>\n<td width=\"36\"><strong>VI<\/strong><\/td>\n<td width=\"76\"><strong>J\u0119zyk<br \/>\nangielski<\/strong><\/td>\n<td width=\"132\">T. Falla,<\/p>\n<p>P.A. Davies,<\/p>\n<p>S. Wheeldon,<\/p>\n<p>P. Shipton,<\/p>\n<p>E. Palczak,<\/p>\n<p>M. Szpotowicz<\/p>\n<p>&nbsp;<\/p>\n<p>OUP<\/td>\n<td width=\"180\">\u201cSteps Forward 3\u201d<\/td>\n<td width=\"113\">741\/3\/2015<\/td>\n<td width=\"161\">&#8211;<\/td>\n<\/tr>\n<tr>\n<td width=\"36\"><strong>VI<\/strong><\/td>\n<td width=\"76\"><strong>Muzyka<\/strong><\/td>\n<td width=\"132\">Teresa W\u00f3jcik<\/p>\n<p>&nbsp;<\/p>\n<p>Grupa MAC S.A.<\/td>\n<td width=\"180\">\u201eMuzyczny \u015awiat\u201d.<\/p>\n<p>Podr\u0119cznik kl. VI<\/td>\n<td width=\"113\">495\/3\/2014<\/td>\n<td width=\"161\">&#8211;<\/td>\n<\/tr>\n<tr>\n<td width=\"36\"><strong>VI<\/strong><\/td>\n<td width=\"76\"><strong>Plastyka<\/strong><\/td>\n<td width=\"132\">Jadwiga Lukas,<\/p>\n<p>Krystyna Onak<\/p>\n<p>&nbsp;<\/p>\n<p>Nowa Era<\/td>\n<td width=\"180\">\u201eDo dzie\u0142a!\u201d<\/p>\n<p>Podr\u0119cznik do plastyki<\/p>\n<p>kl. 6 szko\u0142y podstawowej<\/td>\n<td width=\"113\">326\/3\/2011\/2015<\/td>\n<td width=\"161\">&#8211;<\/td>\n<\/tr>\n<tr>\n<td width=\"36\"><strong>VI<\/strong><\/td>\n<td width=\"76\"><strong>Historia<br \/>\ni spo\u0142.<\/strong><\/td>\n<td width=\"132\">Grzegorz Wojciechowski<\/p>\n<p>&nbsp;<\/p>\n<p>Nowa Era<\/td>\n<td width=\"180\">\u201eWczoraj i dzi\u015b 6\u201d<\/td>\n<td width=\"113\">443\/3\/2014\/2015<\/td>\n<td width=\"161\">&#8211;<\/td>\n<\/tr>\n<tr>\n<td width=\"36\"><strong>VI<\/strong><\/td>\n<td width=\"76\"><strong>Przyroda<\/strong><\/td>\n<td width=\"132\">Marcin Braun,<\/p>\n<p>Wojciech Grajkowski,<\/p>\n<p>Marek Wi\u0119ckowski<\/p>\n<p>&nbsp;<\/p>\n<p>Nowa Era<\/td>\n<td width=\"180\">\u201eNa tropach przyrody 6\u201d<\/td>\n<td width=\"113\">554\/3\/2014\/2015<\/td>\n<td width=\"161\">\u201eNa tropach przyrody\u201d.<\/p>\n<p>Zeszyt \u0107wicze\u0144 do przyrody<\/p>\n<p>dla klasy 6 szko\u0142y podstawowej<\/td>\n<\/tr>\n<tr>\n<td width=\"36\"><strong>VI<\/strong><\/td>\n<td width=\"76\"><strong>Matematyka<\/strong><\/td>\n<td width=\"132\">Ma\u0142gorzata Dobrowolska,<\/p>\n<p>Marta Jucewicz,<\/p>\n<p>Marcin Karpi\u0144ski,<\/p>\n<p>Piotr Zarzycki<\/p>\n<p>&nbsp;<\/p>\n<p>GWO<\/td>\n<td width=\"180\">\u201eMatematyka 6\u201d<\/td>\n<td width=\"113\">773\/3\/2016<\/td>\n<td width=\"161\">&#8211;<\/td>\n<\/tr>\n<tr>\n<td width=\"36\"><strong>VI<\/strong><\/td>\n<td width=\"76\"><strong>Zaj\u0119cia<br \/>\nkomputer.<\/strong><\/td>\n<td width=\"132\">Gra\u017cyna Koba<\/p>\n<p>&nbsp;<\/p>\n<p>MiGra<\/td>\n<td width=\"180\">\u201eZ nowym bitem 6\u201d.<\/p>\n<p>Zaj\u0119cia komputerowe<\/p>\n<p>dla szko\u0142y podstawowej.<\/p>\n<p>Klasa 6<\/td>\n<td width=\"113\">740\/3\/2016<\/td>\n<td width=\"161\">&#8211;<\/td>\n<\/tr>\n<tr>\n<td width=\"36\"><strong>VI<\/strong><\/td>\n<td width=\"76\"><strong>Zaj\u0119cia<br \/>\ntechniczne<\/strong><\/td>\n<td width=\"132\">Lech \u0141abecki,<\/p>\n<p>Marta \u0141abecka<\/p>\n<p>&nbsp;<\/p>\n<p>Nowa Era<\/td>\n<td width=\"180\">\u201eJak to dzia\u0142a?\u201d<\/p>\n<p>Podr\u0119cznik do zaj\u0119\u0107 technicznych<\/p>\n<p>kl. 6 szko\u0142y podstawowej<\/td>\n<td width=\"113\">295\/3\/2010\/2015<\/td>\n<td width=\"161\">&#8211;<\/td>\n<\/tr>\n<\/tbody>\n<\/table>\n<hr \/>\n<table>\n<tbody>\n<tr>\n<td width=\"36\"><strong>VII<\/strong><\/td>\n<td width=\"76\"><strong>Religia<\/strong><\/td>\n<td width=\"132\">Ks. Jan Szpet,<\/p>\n<p>Danuta Jackowiak<\/p>\n<p>&nbsp;<\/p>\n<p>Wyd. \u015aw. Wojciech<\/td>\n<td width=\"180\">\u201eSpotkanie ze S\u0142owem\u201d<\/td>\n<td width=\"113\">AZ-31-01\/10\/PO-1\/11<\/td>\n<td width=\"161\">\u201eSpotkanie ze S\u0142owem\u201d.<\/p>\n<p>Karty pracy<\/td>\n<\/tr>\n<tr>\n<td width=\"36\"><strong>VII<\/strong><\/td>\n<td width=\"76\"><strong>J\u0119zyk<br \/>\npolski<\/strong><\/td>\n<td width=\"132\">A. \u0141uczak,<\/p>\n<p>E. Pryli\u0144ska,<\/p>\n<p>A. Suchowierska,<\/p>\n<p>R. Maszka<\/td>\n<td width=\"180\">\u201eMi\u0119dzy nami 7\u201d<\/td>\n<td width=\"113\">867\/4\/2017<\/td>\n<td width=\"161\">\u201eMi\u0119dzy nami 7\u201d.<\/p>\n<p>Zeszyt \u0107wicze\u0144,<\/p>\n<p>wersja B<\/td>\n<\/tr>\n<tr>\n<td width=\"36\"><strong>VII<\/strong><\/td>\n<td width=\"76\"><strong>J\u0119zyk<br \/>\nangielski<\/strong><\/td>\n<td width=\"132\">B. Wetz, D. Pye<\/td>\n<td width=\"180\">\u201eEnglish Plus Options\u201d dla klasy 7<\/td>\n<td width=\"113\">835\/1\/2017<\/td>\n<td width=\"161\">&#8211;<\/td>\n<\/tr>\n<tr>\n<td width=\"36\"><strong>VII<\/strong><\/td>\n<td width=\"76\"><strong>J\u0119zyk<br \/>\nhiszpa\u0144ski<\/strong><\/td>\n<td width=\"132\">Encina Alonso Arija,<\/p>\n<p>Matilde Martinez Salles,<\/p>\n<p>Neus Sans Baulenas<\/p>\n<p>&nbsp;<\/p>\n<p>LektorKlett<\/td>\n<td width=\"180\">\u201cGente Joven 1. Edicion revisada\u201d<\/td>\n<td width=\"113\">870\/2\/2017<\/td>\n<td width=\"161\">\u201eGente Joven 1.<\/p>\n<p>Edicion Revisada\u201d.<\/p>\n<p>Zeszyt \u0107wicze\u0144<\/td>\n<\/tr>\n<tr>\n<td width=\"36\"><strong>VII<\/strong><\/td>\n<td width=\"76\"><strong>J\u0119zyk<br \/>\nniemiecki<\/strong><\/td>\n<td width=\"132\">Anna Potapowicz,<\/p>\n<p>Krzysztof Tkaczyk<\/p>\n<p>&nbsp;<\/p>\n<p>WSiP<\/td>\n<td width=\"180\">\u201eaha! Neu\u201d.<\/p>\n<p>J\u0119zyk niemiecki.<\/p>\n<p>Podr\u0119cznik. Klasa 7<\/td>\n<td width=\"113\">798\/1\/2017<\/td>\n<td width=\"161\">\u201eaha! Neu\u201d.<\/p>\n<p>J\u0119zyk niemiecki.<\/p>\n<p>Zeszyt \u0107wicze\u0144.<\/p>\n<p>Klasa 7<\/td>\n<\/tr>\n<tr>\n<td width=\"36\"><strong>VII<\/strong><\/td>\n<td width=\"76\"><strong>Muzyka<\/strong><\/td>\n<td width=\"132\">Teresa W\u00f3jcik<\/p>\n<p>&nbsp;<\/p>\n<p>Grupa MAC S.A.<\/td>\n<td width=\"180\">\u201eMuzyka\u201d.<\/p>\n<p>Podr\u0119cznik dla klasy 7 szko\u0142y podstawowej<\/td>\n<td width=\"113\">909\/4\/2017<\/td>\n<td width=\"161\">&#8211;<\/td>\n<\/tr>\n<tr>\n<td width=\"36\"><strong>VII<\/strong><\/td>\n<td width=\"76\"><strong>Plastyka<\/strong><\/td>\n<td width=\"132\">Marta Ipczy\u0144ska,<\/p>\n<p>Natalia Mrozkowiak<\/p>\n<p>&nbsp;<\/p>\n<p>Nowa Era<\/td>\n<td width=\"180\">\u201eDo dzie\u0142a!\u201d.<\/p>\n<p>Podr\u0119cznik do plastyki<\/p>\n<p>kl. 7 szko\u0142y podstawowej<\/td>\n<td width=\"113\">903\/4\/2017<\/td>\n<td width=\"161\">&#8211;<\/td>\n<\/tr>\n<tr>\n<td width=\"36\"><strong>VII<\/strong><\/td>\n<td width=\"76\"><strong>Historia<\/strong><\/td>\n<td width=\"132\">Jaros\u0142aw K\u0142aczkow,<\/p>\n<p>Anna \u0141aszkiewicz,<\/p>\n<p>Stanis\u0142aw Roszak<\/td>\n<td width=\"180\">\u201eWczoraj i dzi\u015b 7\u201d<\/td>\n<td width=\"113\">877\/4\/2017<\/td>\n<td width=\"161\">&#8211;<\/td>\n<\/tr>\n<tr>\n<td width=\"36\"><strong>VII<\/strong><\/td>\n<td width=\"76\"><strong>Geografia<\/strong><\/td>\n<td width=\"132\">Roman Malarz,<\/p>\n<p>Mariusz Szubert<\/p>\n<p>&nbsp;<\/p>\n<p>Nowa Era<\/td>\n<td width=\"180\">\u201ePlaneta Nowa 7\u201d<\/td>\n<td width=\"113\">906\/3\/2017<\/td>\n<td width=\"161\">&#8211;<\/td>\n<\/tr>\n<tr>\n<td width=\"36\"><strong>VII<\/strong><\/td>\n<td width=\"76\"><strong>Biologia<\/strong><\/td>\n<td width=\"132\">Ma\u0142gorzata Jefimow<\/p>\n<p>&nbsp;<\/p>\n<p>Nowa Era<\/td>\n<td width=\"180\">\u201ePuls \u017cycia 7\u201d<\/td>\n<td width=\"113\">844\/4\/2017<\/td>\n<td width=\"161\">&#8211;<\/td>\n<\/tr>\n<tr>\n<td width=\"36\"><strong>VII<\/strong><\/td>\n<td width=\"76\"><strong>Chemia<\/strong><\/td>\n<td width=\"132\">Jan Kulawiak,<\/p>\n<p>Teresa Kulawik,<\/p>\n<p>Maria Litwin<\/p>\n<p>&nbsp;<\/p>\n<p>Nowa Era<\/td>\n<td width=\"180\">\u201eChemia Nowej Ery 7\u201d<\/td>\n<td width=\"113\">785\/1\/2017<\/td>\n<td width=\"161\">\u201eChemia Nowej Ery\u201d<\/p>\n<p>Zeszyt \u0107wicze\u0144 do chemii<\/p>\n<p>dla klasy 7 szko\u0142y podstawowej<\/td>\n<\/tr>\n<tr>\n<td width=\"36\"><strong>VII<\/strong><\/td>\n<td width=\"76\"><strong>Fizyka<\/strong><\/td>\n<td width=\"132\">Marcin Braun,<\/p>\n<p>Weronika \u015aliwa<\/p>\n<p>&nbsp;<\/p>\n<p>Nowa Era<\/td>\n<td width=\"180\">\u201eTo jest fizyka 7\u201d<\/td>\n<td width=\"113\">818\/1\/2017<\/td>\n<td width=\"161\">\u201eTo jest fizyka 7\u201d. Zeszyt \u0107wicze\u0144 do fizyki dla klasy si\u00f3dmej szko\u0142y podstawowej<\/td>\n<\/tr>\n<tr>\n<td width=\"36\"><strong>VII<\/strong><\/td>\n<td width=\"76\"><strong>Matematyka<\/strong><\/td>\n<td width=\"132\">Praca zbiorowa pod redakcj\u0105 Ma\u0142gorzaty Dobrowolskiej\/<\/p>\n<p>GWO<\/td>\n<td width=\"180\">\u201eMatematyka 7 z plusem\u201d<\/td>\n<td width=\"113\">780\/4\/2017<\/td>\n<td width=\"161\">&#8211;<\/td>\n<\/tr>\n<tr>\n<td width=\"36\"><strong>VII<\/strong><\/td>\n<td width=\"76\"><strong>Informatyka<\/strong><\/td>\n<td width=\"132\">Jolanta Pa\u0144czyk<\/p>\n<p>&nbsp;<\/p>\n<p>Helion<\/td>\n<td width=\"180\">\u201eInformatyka Europejczyka\u201d.<\/p>\n<p>Podr\u0119cznik do informatyki<\/p>\n<p>dla szko\u0142y podstawowej.<\/p>\n<p>Klasa 7<\/td>\n<td width=\"113\">876\/4\/2017<\/td>\n<td width=\"161\">Zestaw \u0107wicze\u0144 multimedialnych z p\u0142yty CD<\/td>\n<\/tr>\n<\/tbody>\n<\/table>\n<p>&nbsp;<\/p>\n","protected":false},"excerpt":{"rendered":"<p>IV Religia Red. Ks. Jan Szpet, Danuta Jackowiak &nbsp; Wyd. \u015aw. Wojciech \u201eJestem Chrze\u015bcijaninem\u201d AZ-21-01\/10-PO-1\/11 \u201eJestem Chrze\u015bcijaninem\u201d Karty pracy IV J\u0119zyk polski Agnieszka \u0141uczak, Anna Murdzek &nbsp; GWO \u201eMi\u0119dzy nami 4\u201d 867\/1\/2017 &#8211; IV J\u0119zyk angielski S. Wheeldon, T. Falla, <a href=\"https:\/\/sp184lodz.edu.pl\/index.php\/strefa-ucznia\/podreczniki-2\/podreczniki-dla-klas-4-7\/\" class=\"read-more\">czytaj wi\u0119cej &#8230;<\/a><\/p>\n","protected":false},"author":1,"featured_media":0,"parent":2240,"menu_order":0,"comment_status":"closed","ping_status":"closed","template":"","meta":{"two_page_speed":[],"footnotes":""},"class_list":["post-2248","page","type-page","status-publish","hentry"],"_links":{"self":[{"href":"https:\/\/sp184lodz.edu.pl\/index.php\/wp-json\/wp\/v2\/pages\/2248","targetHints":{"allow":["GET"]}}],"collection":[{"href":"https:\/\/sp184lodz.edu.pl\/index.php\/wp-json\/wp\/v2\/pages"}],"about":[{"href":"https:\/\/sp184lodz.edu.pl\/index.php\/wp-json\/wp\/v2\/types\/page"}],"author":[{"embeddable":true,"href":"https:\/\/sp184lodz.edu.pl\/index.php\/wp-json\/wp\/v2\/users\/1"}],"replies":[{"embeddable":true,"href":"https:\/\/sp184lodz.edu.pl\/index.php\/wp-json\/wp\/v2\/comments?post=2248"}],"version-history":[{"count":4,"href":"https:\/\/sp184lodz.edu.pl\/index.php\/wp-json\/wp\/v2\/pages\/2248\/revisions"}],"predecessor-version":[{"id":2252,"href":"https:\/\/sp184lodz.edu.pl\/index.php\/wp-json\/wp\/v2\/pages\/2248\/revisions\/2252"}],"up":[{"embeddable":true,"href":"https:\/\/sp184lodz.edu.pl\/index.php\/wp-json\/wp\/v2\/pages\/2240"}],"wp:attachment":[{"href":"https:\/\/sp184lodz.edu.pl\/index.php\/wp-json\/wp\/v2\/media?parent=2248"}],"curies":[{"name":"wp","href":"https:\/\/api.w.org\/{rel}","templated":true}]}}