{"id":4647,"date":"2018-06-05T16:41:50","date_gmt":"2018-06-05T14:41:50","guid":{"rendered":"http:\/\/sp184lodz.edu.pl\/?page_id=4647"},"modified":"2024-01-12T14:58:57","modified_gmt":"2024-01-12T13:58:57","slug":"klauzula-informacyjna-o-przetwarzaniu-danych-osobowych","status":"publish","type":"page","link":"https:\/\/sp184lodz.edu.pl\/index.php\/klauzula-informacyjna-o-przetwarzaniu-danych-osobowych\/","title":{"rendered":"Klauzula informacyjna o przetwarzaniu danych osobowych"},"content":{"rendered":"<p style=\"line-height: 150%; font-size: 15px; font-family: 'Calibri',sans-serif; text-align: justify; margin: 0cm 0cm 0cm 17.85pt;\"><span style=\"font-family: 'Times New Roman',serif;\"><strong>Zgodnie Rozporz\u0105dzeniem Parlamentu Europejskiego i Rady (UE) 2016\/679 z dnia 27 kwietnia 2016r. informujemy, \u017ce:<\/strong><\/span><\/p>\n<ol>\n<li><span style=\"font-family: 'Times New Roman',serif;\"><strong>Administratorem Danych Osobowych<\/strong> jest Szko\u0142a Podstawowa nr 184 im. Honorowych Obywateli Miasta \u0141odzi w \u0141odzi, 91-496 \u0141\u00f3d\u017a, ul. Syrenki 19a, tel. (42) 658-24-01, reprezentowana prze Dyrektora Szko\u0142y<\/span><\/li>\n<li><span style=\"font-family: 'Times New Roman',serif;\">Zosta\u0142 powo\u0142any Inspektor Ochrony Danych. Wszelkie kwestie dotycz\u0105ce ochrony danych osobowych nale\u017cy kierowa\u0107 na adres: iod.sp184@<\/span><span style=\"line-height: 115%; font-family: 'Times New Roman',serif; color: black;\">cuwo.lodz.edu.pl<\/span><\/li>\n<li style=\"line-height: normal; font-size: 15px; font-family: 'Calibri',sans-serif; text-align: justify; margin: 0cm;\"><span style=\"font-family: 'Times New Roman',serif;\">Pana\/Pani dane osobowe, s\u0105 przetwarzane w celu udost\u0119pniania strony internetowej oraz wype\u0142nienia obowi\u0105zk\u00f3w prawnych spoczywaj\u0105cych na administratorze<\/span><\/li>\n<li><span style=\"font-family: 'Times New Roman',serif;\">Zakres przetwarzanych danych obejmuje adres IP, adres e-mail w przypadku kontaktu poprzez formularz kontaktowy<\/span><\/li>\n<li><span style=\"font-family: 'Times New Roman',serif;\">Na Pani\/Pana danych osobowych b\u0119d\u0105 wykonywane nast\u0119puj\u0105ce operacje: wgl\u0105d,\u00a0<\/span><\/li>\n<li><span style=\"font-family: 'Times New Roman',serif;\">dane osobowe ucznia oraz jego rodzic\u00f3w (opiekun\u00f3w prawych) s\u0105 przetwarzane w celach wynikaj\u0105cych z przepis\u00f3w prawa a zaw\u0142aszcza ustawy Prawo o\u015bwiatowe, ustawy o systemie o\u015bwiaty, ustawy o systemie informacji o\u015bwiatowej oraz akt\u00f3w prawnych wydanych na podstawie tych ustaw, w tym zw\u0142aszcza dla zapewnienia uczniowi nauki, dokumentowania jej przebiegu, realizowania praw i obowi\u0105zk\u00f3w ucznia wynikaj\u0105cych z przepis\u00f3w prawa, przy czym podstaw\u0119 przetwarzania danych osobowych na gruncie RODO stanowi\u0105 przede wszystkim art. 6 ust. 1 lit. c, e i f oraz art. 9 ust. 2 lit. g tego rozporz\u0105dzenia; niekiedy podstaw\u0105 prawn\u0105 przetwarzania danych osobowych mo\u017ce by\u0107 dobrowolna zgoda na przetwarzanie danych uzyskiwana na zasadach okre\u015blonych w art. 6 ust. 1 lit. a lub art. 9 ust. 2 lit. a w zwi\u0105zku z art. 7 RODO;<\/span><\/li>\n<li><span style=\"font-family: 'Times New Roman',serif;\">dane osobowe dotycz\u0105ce wyst\u0119powania objaw\u00f3w chorobowych, stanu zdrowia, temperatury cia\u0142a, o kt\u00f3rych nie stanowi\u0105 wytyczne MEN, MZ i GIS przetwarzane s\u0105 w okresie <span style=\"color: black;\">obowi\u0105zywania <strong>stanu zagro\u017cenia epidemicznego albo stanu epidemii<\/strong> og\u0142oszonego z powodu COVID-19, na podstawie art. 9 ust. 1 lit. a RODO\u00a0<\/span><\/span><\/li>\n<li><span style=\"font-family: 'Times New Roman',serif;\">odbiorc\u0105 danych osobowych mog\u0105 by\u0107:\u00a0<\/span>\n<ul style=\"list-style-type: disc; margin-left: 62px;\">\n<li><span style=\"font-family: 'Times New Roman',serif;\">organy w\u0142adzy publicznej i podmioty uprawnione do tego na podstawie przepis\u00f3w prawa;<\/span><\/li>\n<li><span style=\"font-family: 'Times New Roman',serif;\">uprawnione podmioty dostarczaj\u0105ce obs\u0142ugi informatycznej lub prawnej na podstawie um\u00f3w powierzenia przetwarzania danych;<\/span><\/li>\n<li><span style=\"font-family: 'Times New Roman',serif;\">podmioty organizuj\u0105ce olimpiady, konkursy i inne wydarzenia edukacyjne, w kt\u00f3rych ucze\u0144 bierze udzia\u0142.<\/span><\/li>\n<\/ul>\n<\/li>\n<li><span style=\"font-family: 'Times New Roman',serif;\">zgoda na przetwarzanie Pani\/Pana danych osobowych jest dobrowolna.<\/span><\/li>\n<li><span style=\"font-family: 'Times New Roman',serif;\">ka\u017cdemu przys\u0142uguje prawo do:<\/span>\n<ul style=\"list-style-type: disc; margin-left: 62px;\">\n<li><span style=\"font-family: 'Times New Roman',serif;\">dost\u0119pu do jego danych,<\/span><\/li>\n<li><span style=\"font-family: 'Times New Roman',serif;\">sprostowania, usuni\u0119cia lub ograniczenia przetwarzania lub<\/span><\/li>\n<li><span style=\"font-family: 'Times New Roman',serif;\">wniesienia sprzeciwu wobec przetwarzania;<\/span><\/li>\n<li><span style=\"font-family: 'Times New Roman',serif;\">bycia zapomnianym uwzgl\u0119dniaj\u0105c przepisy nadrz\u0119dne dotycz\u0105ce minimalnego okresu przechowywania dokument\u00f3w;<\/span><\/li>\n<li><span style=\"font-family: 'Times New Roman',serif;\">przenoszenia danych;<\/span><\/li>\n<li><span style=\"font-family: 'Times New Roman',serif;\">wniesienia skargi do organu nadzorczego;<\/span><\/li>\n<li><span style=\"font-family: 'Times New Roman',serif;\">cofni\u0119cia zgody na przetwarzanie jego danych w dowolnym momencie.<\/span><\/li>\n<\/ul>\n<\/li>\n<li><span style=\"font-family: 'Times New Roman',serif;\">dane osobowe nie b\u0119d\u0105 transferowane do pa\u0144stwa trzeciego;<\/span><\/li>\n<li><span style=\"font-family: 'Times New Roman',serif;\">dane osobowe nie b\u0119d\u0105 przekazywane innym podmiotom z\u00a0wyj\u0105tkiem tych, kt\u00f3re s\u0105 uprawnione do ich uzyskania na podstawie przepis\u00f3w obowi\u0105zuj\u0105cego prawa.<\/span><\/li>\n<li><span style=\"font-family: 'Times New Roman',serif;\">dane osobowe b\u0119d\u0105 przechowywane przez okres wymagany przepisami prawa lub do zako\u0144czenia nauki zale\u017cnie od charakteru danych;<\/span><\/li>\n<li><span style=\"font-family: 'Times New Roman',serif;\">dane osobowe nie podlegaj\u0105 profilowaniu.<\/span><\/li>\n<\/ol>\n","protected":false},"excerpt":{"rendered":"<p>Zgodnie Rozporz\u0105dzeniem Parlamentu Europejskiego i Rady (UE) 2016\/679 z dnia 27 kwietnia 2016r. informujemy, \u017ce: Administratorem Danych Osobowych jest Szko\u0142a Podstawowa nr 184 im. Honorowych Obywateli Miasta \u0141odzi w \u0141odzi, 91-496 \u0141\u00f3d\u017a, ul. Syrenki 19a, tel. (42) 658-24-01, reprezentowana prze <a href=\"https:\/\/sp184lodz.edu.pl\/index.php\/klauzula-informacyjna-o-przetwarzaniu-danych-osobowych\/\" class=\"read-more\">czytaj wi\u0119cej &#8230;<\/a><\/p>\n","protected":false},"author":1,"featured_media":0,"parent":0,"menu_order":0,"comment_status":"closed","ping_status":"closed","template":"","meta":{"two_page_speed":[],"footnotes":""},"class_list":["post-4647","page","type-page","status-publish","hentry"],"_links":{"self":[{"href":"https:\/\/sp184lodz.edu.pl\/index.php\/wp-json\/wp\/v2\/pages\/4647","targetHints":{"allow":["GET"]}}],"collection":[{"href":"https:\/\/sp184lodz.edu.pl\/index.php\/wp-json\/wp\/v2\/pages"}],"about":[{"href":"https:\/\/sp184lodz.edu.pl\/index.php\/wp-json\/wp\/v2\/types\/page"}],"author":[{"embeddable":true,"href":"https:\/\/sp184lodz.edu.pl\/index.php\/wp-json\/wp\/v2\/users\/1"}],"replies":[{"embeddable":true,"href":"https:\/\/sp184lodz.edu.pl\/index.php\/wp-json\/wp\/v2\/comments?post=4647"}],"version-history":[{"count":14,"href":"https:\/\/sp184lodz.edu.pl\/index.php\/wp-json\/wp\/v2\/pages\/4647\/revisions"}],"predecessor-version":[{"id":16575,"href":"https:\/\/sp184lodz.edu.pl\/index.php\/wp-json\/wp\/v2\/pages\/4647\/revisions\/16575"}],"wp:attachment":[{"href":"https:\/\/sp184lodz.edu.pl\/index.php\/wp-json\/wp\/v2\/media?parent=4647"}],"curies":[{"name":"wp","href":"https:\/\/api.w.org\/{rel}","templated":true}]}}

<p style="line-height: 150%; font-size: 15px; font-family: 'Calibri',sans-serif; text-align: justify; margin: 0cm 0cm 0cm 17.85pt;"><span style="font-family: 'Times New Roman',serif;"><strong>Zgodnie Rozporządzeniem Parlamentu Europejskiego i Rady (UE) 2016/679 z dnia 27 kwietnia 2016r. informujemy, że:</strong></span></p>
<ol>
<li><span style="font-family: 'Times New Roman',serif;"><strong>Administratorem Danych Osobowych</strong> jest Szkoła Podstawowa nr 184 im. Honorowych Obywateli Miasta Łodzi w Łodzi, 91-496 Łódź, ul. Syrenki 19a, tel. (42) 658-24-01, reprezentowana prze Dyrektora Szkoły</span></li>
<li><span style="font-family: 'Times New Roman',serif;">Został powołany Inspektor Ochrony Danych. Wszelkie kwestie dotyczące ochrony danych osobowych należy kierować na adres: iod.sp184@</span><span style="line-height: 115%; font-family: 'Times New Roman',serif; color: black;">cuwo.lodz.edu.pl</span></li>
<li style="line-height: normal; font-size: 15px; font-family: 'Calibri',sans-serif; text-align: justify; margin: 0cm;"><span style="font-family: 'Times New Roman',serif;">Pana/Pani dane osobowe, są przetwarzane w celu udostępniania strony internetowej oraz wypełnienia obowiązków prawnych spoczywających na administratorze</span></li>
<li><span style="font-family: 'Times New Roman',serif;">Zakres przetwarzanych danych obejmuje adres IP, adres e-mail w przypadku kontaktu poprzez formularz kontaktowy</span></li>
<li><span style="font-family: 'Times New Roman',serif;">Na Pani/Pana danych osobowych będą wykonywane następujące operacje: wgląd, </span></li>
<li><span style="font-family: 'Times New Roman',serif;">dane osobowe ucznia oraz jego rodziców (opiekunów prawych) są przetwarzane w celach wynikających z przepisów prawa a zawłaszcza ustawy Prawo oświatowe, ustawy o systemie oświaty, ustawy o systemie informacji oświatowej oraz aktów prawnych wydanych na podstawie tych ustaw, w tym zwłaszcza dla zapewnienia uczniowi nauki, dokumentowania jej przebiegu, realizowania praw i obowiązków ucznia wynikających z przepisów prawa, przy czym podstawę przetwarzania danych osobowych na gruncie RODO stanowią przede wszystkim art. 6 ust. 1 lit. c, e i f oraz art. 9 ust. 2 lit. g tego rozporządzenia; niekiedy podstawą prawną przetwarzania danych osobowych może być dobrowolna zgoda na przetwarzanie danych uzyskiwana na zasadach określonych w art. 6 ust. 1 lit. a lub art. 9 ust. 2 lit. a w związku z art. 7 RODO;</span></li>
<li><span style="font-family: 'Times New Roman',serif;">dane osobowe dotyczące występowania objawów chorobowych, stanu zdrowia, temperatury ciała, o których nie stanowią wytyczne MEN, MZ i GIS przetwarzane są w okresie <span style="color: black;">obowiązywania <strong>stanu zagrożenia epidemicznego albo stanu epidemii</strong> ogłoszonego z powodu COVID-19, na podstawie art. 9 ust. 1 lit. a RODO </span></span></li>
<li><span style="font-family: 'Times New Roman',serif;">odbiorcą danych osobowych mogą być: </span>
<ul style="list-style-type: disc; margin-left: 62px;">
<li><span style="font-family: 'Times New Roman',serif;">organy władzy publicznej i podmioty uprawnione do tego na podstawie przepisów prawa;</span></li>
<li><span style="font-family: 'Times New Roman',serif;">uprawnione podmioty dostarczające obsługi informatycznej lub prawnej na podstawie umów powierzenia przetwarzania danych;</span></li>
<li><span style="font-family: 'Times New Roman',serif;">podmioty organizujące olimpiady, konkursy i inne wydarzenia edukacyjne, w których uczeń bierze udział.</span></li>
</ul>
</li>
<li><span style="font-family: 'Times New Roman',serif;">zgoda na przetwarzanie Pani/Pana danych osobowych jest dobrowolna.</span></li>
<li><span style="font-family: 'Times New Roman',serif;">każdemu przysługuje prawo do:</span>
<ul style="list-style-type: disc; margin-left: 62px;">
<li><span style="font-family: 'Times New Roman',serif;">dostępu do jego danych,</span></li>
<li><span style="font-family: 'Times New Roman',serif;">sprostowania, usunięcia lub ograniczenia przetwarzania lub</span></li>
<li><span style="font-family: 'Times New Roman',serif;">wniesienia sprzeciwu wobec przetwarzania;</span></li>
<li><span style="font-family: 'Times New Roman',serif;">bycia zapomnianym uwzględniając przepisy nadrzędne dotyczące minimalnego okresu przechowywania dokumentów;</span></li>
<li><span style="font-family: 'Times New Roman',serif;">przenoszenia danych;</span></li>
<li><span style="font-family: 'Times New Roman',serif;">wniesienia skargi do organu nadzorczego;</span></li>
<li><span style="font-family: 'Times New Roman',serif;">cofnięcia zgody na przetwarzanie jego danych w dowolnym momencie.</span></li>
</ul>
</li>
<li><span style="font-family: 'Times New Roman',serif;">dane osobowe nie będą transferowane do państwa trzeciego;</span></li>
<li><span style="font-family: 'Times New Roman',serif;">dane osobowe nie będą przekazywane innym podmiotom z wyjątkiem tych, które są uprawnione do ich uzyskania na podstawie przepisów obowiązującego prawa.</span></li>
<li><span style="font-family: 'Times New Roman',serif;">dane osobowe będą przechowywane przez okres wymagany przepisami prawa lub do zakończenia nauki zależnie od charakteru danych;</span></li>
<li><span style="font-family: 'Times New Roman',serif;">dane osobowe nie podlegają profilowaniu.</span></li>
</ol>

<p>Zgodnie Rozporządzeniem Parlamentu Europejskiego i Rady (UE) 2016/679 z dnia 27 kwietnia 2016r. informujemy, że: Administratorem Danych Osobowych jest Szkoła Podstawowa nr 184 im. Honorowych Obywateli Miasta Łodzi w Łodzi, 91-496 Łódź, ul. Syrenki 19a, tel. (42) 658-24-01, reprezentowana prze <a href="https://sp184lodz.edu.pl/index.php/klauzula-informacyjna-o-przetwarzaniu-danych-osobowych/" class="read-more">czytaj więcej &#8230;</a></p>
