{"id":511,"date":"2017-03-19T19:05:34","date_gmt":"2017-03-19T18:05:34","guid":{"rendered":"http:\/\/sp184lodz.edu.pl\/?page_id=511"},"modified":"2020-06-02T15:08:56","modified_gmt":"2020-06-02T13:08:56","slug":"rekrutacja","status":"publish","type":"page","link":"https:\/\/sp184lodz.edu.pl\/index.php\/strefa-rodzica\/rekrutacja\/","title":{"rendered":"Nab\u00f3r do szk\u00f3\u0142 podstawowych"},"content":{"rendered":"<p><span style=\"color: #ff0000;\"><strong>Szanowni Pa\u0144stwo.<\/strong><\/span><\/p>\n<p><span style=\"color: #ff0000;\">Przypominamy, \u017ce w pi\u0105tek <strong>29.05.2020 r<\/strong>. o <strong>godzinie 15.00<\/strong><br \/>\nsystem naboru do klas I na rok szkolny 2020\/2021 zostanie automatycznie zamkni\u0119ty.<\/span><\/p>\n<h3><strong title=\"\"><span style=\"color: #ff0000;\"><strong>\u00a0Prosimy o niezw\u0142oczne wprowadzenie<br \/>\ndo systemu zg\u0142osze\u0144\/wniosk\u00f3w<br \/>\nwraz z za\u0142\u0105cznikami podpisanymi przez rodzic\u00f3w\/prawnych opiekun\u00f3w.<\/strong><\/span><\/strong><\/h3>\n<hr \/>\n<h3><strong title=\"\"><img loading=\"lazy\" decoding=\"async\" class=\"size-medium wp-image-3440 aligncenter\" title=\"\" src=\"http:\/\/sp184lodz.edu.pl\/wp-content\/uploads\/2018\/02\/SP184-rekrutacja-231x300.png\" alt=\"\" width=\"231\" height=\"300\" srcset=\"https:\/\/sp184lodz.edu.pl\/wp-content\/uploads\/2018\/02\/SP184-rekrutacja-231x300.png 231w, https:\/\/sp184lodz.edu.pl\/wp-content\/uploads\/2018\/02\/SP184-rekrutacja.png 240w\" sizes=\"auto, (max-width: 231px) 100vw, 231px\" \/><\/strong><\/h3>\n<h2 style=\"text-align: center;\"><span style=\"color: #0000ff;\"><strong>Nab\u00f3r do szk\u00f3\u0142 podstawowych<\/strong><\/span><\/h2>\n<h3 style=\"text-align: center;\"><span style=\"color: #ff0000;\"><strong>04 maja 2020 r.<\/strong>\u00a0<\/span><\/h3>\n<p style=\"text-align: center;\"><span style=\"color: #ff0000;\">rozpoczyna si\u0119 elektroniczna rekrutacja do klas pierwszych publicznych szk\u00f3\u0142 podstawowych<br \/>\n<strong>na rok szkolny 2020\/2021:<\/strong><\/span><br \/>\n<strong><span style=\"color: #0000ff;\">Rekrutacja \u00a0b\u0119dzie przebiega\u0142a zgodnie z harmonogramem:<\/span> &#8211;<\/strong>\u00a0<span style=\"color: #000080;\"><u><a href=\"http:\/\/sp184lodz.edu.pl\/wp-content\/uploads\/2020\/03\/nabor-zmiana.pdf\" target=\"_blank\" rel=\"noopener noreferrer\">wi\u0119cej<\/a><\/u><strong><u><br \/>\n<\/u><\/strong><\/span><\/p>\n<hr \/>\n<p style=\"text-align: center;\"><span style=\"color: #0000ff;\"><strong>Zasady naboru uczni\u00f3w <\/strong><\/span><br \/>\n<span style=\"color: #0000ff;\"><strong>do klas pierwszych publicznych szk\u00f3\u0142 podstawowych <\/strong><\/span><br \/>\n<span style=\"color: #0000ff;\"><strong>prowadzonych przez Miasto \u0141\u00f3d\u017a <\/strong><\/span><br \/>\n<span style=\"color: #0000ff;\"><strong>na rok szkolny 2020\/2021 <\/strong><\/span>&#8211; <a href=\"https:\/\/uml.lodz.pl\/edukacja\/dla-uczniow-i-rodzicow\/nabor\/nabor-do-szkol-podstawowych\" target=\"_blank\" rel=\"noopener noreferrer\">wi\u0119cej<\/a><\/p>\n<hr \/>\n<ul>\n<li><span style=\"color: #008000;\"><strong><u>Klauzula informacyjna dotycz\u0105ca przetwarzania danych osobowych,<br \/>\ndla kt\u00f3rych administratorem danych jest Dyrektor Szko\u0142y Podstawowej,<br \/>\ndo kt\u00f3rej zosta\u0142 z\u0142o\u017cony wniosek o przyj\u0119cie kandydata do klasy pierwszej. &#8211; <a style=\"color: #008000;\" href=\"http:\/\/sp184lodz.edu.pl\/wp-content\/uploads\/2020\/03\/rodo_1.pdf\" target=\"_blank\" rel=\"noopener noreferrer\">wi\u0119cej<\/a><\/u><\/strong><\/span><\/li>\n<\/ul>\n<hr \/>\n<hr \/>\n<ul>\n<li style=\"text-align: left;\"><span style=\"color: #008000;\"><strong><u>Klauzula informacyjna dotycz\u0105ca przetwarzania danych osobowych,<br \/>\ndla kt\u00f3rych administratorem danych jest Dyrektor Szko\u0142y Podstawowej,<br \/>\ndo kt\u00f3rej zosta\u0142 <\/u><\/strong><strong><u>zg\u0142oszony kandydat do klasy pierwszej. &#8211; <a style=\"color: #008000;\" href=\"http:\/\/sp184lodz.edu.pl\/wp-content\/uploads\/2020\/03\/rodo_2.pdf\" target=\"_blank\" rel=\"noopener noreferrer\">wi\u0119cej<\/a><\/u><\/strong><\/span><\/li>\n<\/ul>\n<hr \/>\n<p>&nbsp;<\/p>\n","protected":false},"excerpt":{"rendered":"<p>Szanowni Pa\u0144stwo. Przypominamy, \u017ce w pi\u0105tek 29.05.2020 r. o godzinie 15.00 system naboru do klas I na rok szkolny 2020\/2021 zostanie automatycznie zamkni\u0119ty. \u00a0Prosimy o niezw\u0142oczne wprowadzenie do systemu zg\u0142osze\u0144\/wniosk\u00f3w wraz z za\u0142\u0105cznikami podpisanymi przez rodzic\u00f3w\/prawnych opiekun\u00f3w. Nab\u00f3r do szk\u00f3\u0142 <a href=\"https:\/\/sp184lodz.edu.pl\/index.php\/strefa-rodzica\/rekrutacja\/\" class=\"read-more\">czytaj wi\u0119cej &#8230;<\/a><\/p>\n","protected":false},"author":1,"featured_media":0,"parent":762,"menu_order":2,"comment_status":"closed","ping_status":"closed","template":"","meta":{"two_page_speed":[],"footnotes":""},"class_list":["post-511","page","type-page","status-publish","hentry"],"_links":{"self":[{"href":"https:\/\/sp184lodz.edu.pl\/index.php\/wp-json\/wp\/v2\/pages\/511","targetHints":{"allow":["GET"]}}],"collection":[{"href":"https:\/\/sp184lodz.edu.pl\/index.php\/wp-json\/wp\/v2\/pages"}],"about":[{"href":"https:\/\/sp184lodz.edu.pl\/index.php\/wp-json\/wp\/v2\/types\/page"}],"author":[{"embeddable":true,"href":"https:\/\/sp184lodz.edu.pl\/index.php\/wp-json\/wp\/v2\/users\/1"}],"replies":[{"embeddable":true,"href":"https:\/\/sp184lodz.edu.pl\/index.php\/wp-json\/wp\/v2\/comments?post=511"}],"version-history":[{"count":38,"href":"https:\/\/sp184lodz.edu.pl\/index.php\/wp-json\/wp\/v2\/pages\/511\/revisions"}],"predecessor-version":[{"id":8384,"href":"https:\/\/sp184lodz.edu.pl\/index.php\/wp-json\/wp\/v2\/pages\/511\/revisions\/8384"}],"up":[{"embeddable":true,"href":"https:\/\/sp184lodz.edu.pl\/index.php\/wp-json\/wp\/v2\/pages\/762"}],"wp:attachment":[{"href":"https:\/\/sp184lodz.edu.pl\/index.php\/wp-json\/wp\/v2\/media?parent=511"}],"curies":[{"name":"wp","href":"https:\/\/api.w.org\/{rel}","templated":true}]}}