{"id":7073,"date":"2019-09-18T08:56:33","date_gmt":"2019-09-18T06:56:33","guid":{"rendered":"http:\/\/sp184lodz.edu.pl\/?page_id=7073"},"modified":"2024-11-29T11:08:30","modified_gmt":"2024-11-29T10:08:30","slug":"ubezpieczenie","status":"publish","type":"page","link":"https:\/\/sp184lodz.edu.pl\/index.php\/szkola\/ubezpieczenie\/","title":{"rendered":"Ubezpieczenie"},"content":{"rendered":"<p><img loading=\"lazy\" decoding=\"async\" class=\" wp-image-12971 aligncenter\" src=\"https:\/\/sp184lodz.edu.pl\/wp-content\/uploads\/2022\/11\/logo-TUZ.png\" alt=\"\" width=\"442\" height=\"220\" srcset=\"https:\/\/sp184lodz.edu.pl\/wp-content\/uploads\/2022\/11\/logo-TUZ.png 851w, https:\/\/sp184lodz.edu.pl\/wp-content\/uploads\/2022\/11\/logo-TUZ-300x149.png 300w, https:\/\/sp184lodz.edu.pl\/wp-content\/uploads\/2022\/11\/logo-TUZ-768x383.png 768w\" sizes=\"auto, (max-width: 442px) 100vw, 442px\" \/><\/p>\n<p>&nbsp;<\/p>\n<p><a href=\"https:\/\/sp184lodz.edu.pl\/wp-content\/uploads\/2024\/11\/ubezpieczenie_polisa_24_25.pdf\" target=\"_blank\" rel=\"noopener\">Polisa<\/a><\/p>\n<hr \/>\n<p><a href=\"https:\/\/sp184lodz.edu.pl\/wp-content\/uploads\/2023\/09\/Wniosek-Zgloszenie-szkody-z-tytulu-NNW-ucznia-1.pdf\" target=\"_blank\" rel=\"noopener\"><strong><span style=\"font-size: 24pt;\"><img loading=\"lazy\" decoding=\"async\" class=\" wp-image-1541 alignleft\" src=\"https:\/\/sp184lodz.edu.pl\/wp-content\/uploads\/2017\/05\/pdf-300x169.gif\" alt=\"\" width=\"122\" height=\"69\" \/><span style=\"color: #ff6600; font-size: 12pt;\">Wniosek<\/span><\/span><\/strong><\/a><br \/>\n<strong>o wyp\u0142at\u0119 \u015bwiadczenia z ubezpieczenia NNW<\/strong><\/p>\n","protected":false},"excerpt":{"rendered":"<p>&nbsp; Polisa Wniosek o wyp\u0142at\u0119 \u015bwiadczenia z ubezpieczenia NNW<\/p>\n","protected":false},"author":1,"featured_media":0,"parent":151,"menu_order":5,"comment_status":"closed","ping_status":"closed","template":"","meta":{"two_page_speed":[],"footnotes":""},"class_list":["post-7073","page","type-page","status-publish","hentry"],"_links":{"self":[{"href":"https:\/\/sp184lodz.edu.pl\/index.php\/wp-json\/wp\/v2\/pages\/7073","targetHints":{"allow":["GET"]}}],"collection":[{"href":"https:\/\/sp184lodz.edu.pl\/index.php\/wp-json\/wp\/v2\/pages"}],"about":[{"href":"https:\/\/sp184lodz.edu.pl\/index.php\/wp-json\/wp\/v2\/types\/page"}],"author":[{"embeddable":true,"href":"https:\/\/sp184lodz.edu.pl\/index.php\/wp-json\/wp\/v2\/users\/1"}],"replies":[{"embeddable":true,"href":"https:\/\/sp184lodz.edu.pl\/index.php\/wp-json\/wp\/v2\/comments?post=7073"}],"version-history":[{"count":18,"href":"https:\/\/sp184lodz.edu.pl\/index.php\/wp-json\/wp\/v2\/pages\/7073\/revisions"}],"predecessor-version":[{"id":19201,"href":"https:\/\/sp184lodz.edu.pl\/index.php\/wp-json\/wp\/v2\/pages\/7073\/revisions\/19201"}],"up":[{"embeddable":true,"href":"https:\/\/sp184lodz.edu.pl\/index.php\/wp-json\/wp\/v2\/pages\/151"}],"wp:attachment":[{"href":"https:\/\/sp184lodz.edu.pl\/index.php\/wp-json\/wp\/v2\/media?parent=7073"}],"curies":[{"name":"wp","href":"https:\/\/api.w.org\/{rel}","templated":true}]}}