{"id":716,"date":"2017-04-09T19:19:45","date_gmt":"2017-04-09T17:19:45","guid":{"rendered":"http:\/\/sp184lodz.edu.pl\/?page_id=716"},"modified":"2022-06-09T11:56:19","modified_gmt":"2022-06-09T09:56:19","slug":"orlik","status":"publish","type":"page","link":"https:\/\/sp184lodz.edu.pl\/index.php\/szkola\/orlik\/","title":{"rendered":"Orlik"},"content":{"rendered":"<h1 style=\"text-align: center; color: blue;\"><strong>Boisko \u201eOrlik\u201d <\/strong><\/h1>\n<div style=\"text-align: center; font-size: 19px; font-weight: bold;\">Boisko \u201eOrlik\u201d czynne jest<br \/>\nod poniedzia\u0142ku do pi\u0105tku<br \/>\nw godz. 16.30 \u2013 20.30<br \/>\nsobota w godz. 9.00- 14.00 <\/p>\n<\/div>\n<p>Propagujemy Freestyle Fooball i pi\u0142k\u0119 techniczn\u0105, chcemy zara\u017ca\u0107 dzieci pasj\u0105 i propagowa\u0107 zdrowy tryb \u017cycia, ka\u017cdy mo\u017ce przyj\u015b\u0107 spr\u00f3bowa\u0107 za darmo r\u00f3\u017cnych trik\u00f3w \u00a0i zobaczy\u0107, organizujemy r\u00f3\u017cne imprezy sportowe i staramy si\u0119 zach\u0119ci\u0107 dzieci do udzia\u0142u w nich atrakcyjnymi nagrodami. Nasza dzia\u0142alno\u015b\u0107 jest obserwowana przez media kt\u00f3re pomagaj\u0105 nam propagowa\u0107 nowe dyscypliny sportu ,,Street Soccer&#8221; ,,Panna&#8221;.\u00a0 Jeste\u015bmy wspierani przez Ministerstwo Sportu i wspania\u0142ych ludzi kt\u00f3rzy nam pomagaj\u0105 rozwija\u0107 nowe spory.<\/p>\n<p>Wi\u0119cej o nas na stronie <a href=\"http:\/\/www.mekkastreet.pl\" target=\"_blank\" rel=\"noopener noreferrer\">www.mekkasreet.pl<\/a> lub fan page \u0142\u00f3dzka grupa mekka street.<\/p>\n<p>Zapraszamy na nasz Orlik<\/p>\n<h3 style=\"text-align: center;\"><strong>Plan zaj\u0119\u0107 od poniedzia\u0142ku do pi\u0105tku:<\/strong><\/h3>\n<ul>\n<li style=\"text-align: left;\"><strong>wiek 6 \u2013 11 lat \u2013 godz.\u00a0 16<sup>00<\/sup> \u2013 17<sup>30<\/sup><img loading=\"lazy\" decoding=\"async\" class=\"alignright size-full wp-image-1045\" src=\"http:\/\/sp184lodz.edu.pl\/wp-content\/uploads\/2017\/04\/orlik.gif\" alt=\"\" width=\"97\" height=\"130\" \/><\/strong><\/li>\n<li style=\"text-align: left;\"><strong>wiek 12 \u2013 18 lat \u2013 godz.\u00a0 17<sup>30<\/sup> \u2013 19<sup>30<\/sup><\/strong><\/li>\n<li style=\"text-align: left;\"><strong>doro\u015bli \u2013 godz.\u00a0 19<sup>30<\/sup> \u2013 21<sup>00<\/sup><\/strong><\/li>\n<\/ul>\n<p style=\"text-align: left;\"><strong>\u00a0<\/strong><\/p>\n<ul>\n<li style=\"text-align: left;\"><strong><em>sobota \u2013 godz.\u00a0 10<sup>00<\/sup> \u2013 14<sup>00<\/sup><\/em><\/strong><\/li>\n<li style=\"text-align: left;\"><strong><em>niedziela \u2013 godz.\u00a0 10<sup>00<\/sup> \u2013 12<sup>00<\/sup><\/em><\/strong><\/li>\n<\/ul>\n<p><img loading=\"lazy\" decoding=\"async\" class=\"alignleft size-full wp-image-1023\" title=\"\" src=\"http:\/\/sp184lodz.edu.pl\/wp-content\/uploads\/2017\/03\/liniaa.gif\" alt=\"\" width=\"534\" height=\"8\" \/><br \/>\n\r\n    <style>\r\n        #weblizar_1205 .wrgf-header-label {\r\n            color: #FFFFFF !important;\r\n        }\r\n\r\n        #weblizar_1205 .wrgf-footer-label {\r\n            color: #000000 !important;\r\n            font-size: 16px;\r\n            margin-bottom: 5px;\r\n            margin-top: 5px;\r\n            text-align: center;\r\n            font-weight: normal;\r\n        }\r\n\r\n        #weblizar_1205 .b-link-stroke .b-top-line {\r\n            background: rgba(0, 0, 0, 0.5);\r\n        }\r\n\r\n        #weblizar_1205 .b-link-stroke .b-bottom-line {\r\n            background: rgba(0, 0, 0, 0.5);\r\n        }\r\n\r\n        #weblizar_1205 .b-wrapper {\r\n            font-family: Arial;\r\n       \r\n        }\r\n\r\n        #weblizar_1205 .wrgf-header-label {\r\n            font-family: Arial !important;\r\n   \r\n        }\r\n\r\n        #weblizar_1205 .wrgf-footer-label {\r\n            font-family: Arial !important;\r\n    \r\n        }\r\n\r\n        @media (min-width: 992px) {\r\n            .col-md-6 {\r\n                width: 48% !important;\r\n                padding-right: 5px;\r\n                padding-left: 5px;\r\n                float: left;\r\n            }\r\n\r\n            .col-md-4 {\r\n                width: 33.30% !important;\r\n                padding-right: 10px;\r\n                padding-left: 10px;\r\n            }\r\n\r\n            .col-md-3 {\r\n                width: 24.90% !important;\r\n                padding-right: 10px;\r\n                padding-left: 10px;\r\n            }\r\n        }\r\n\r\n                @media (max-width: 992px) {\r\n            #weblizar_1205 .wrgf-header-label {\r\n                display: none;\r\n            }\r\n        }\r\n\r\n        @media (min-width: 993px) {\r\n            #weblizar_1205 .wrgf-footer-label {\r\n                display: none;\r\n            }\r\n        }\r\n\r\n                #weblizar_1205 a {\r\n            border-bottom: none;\r\n            overflow: hidden;\r\n            float: left;\r\n            margin-right: 0px;\r\n            padding-left: 0px;\r\n        }        \r\n\r\n            <\/style>\r\n\r\n\t    <div class=\"gal-container\">\r\n\t\t            <!--get the post id-->\r\n\t\t\t\r\n\t\t\t\r\n            <div class=\"gallery1\" id=\"weblizar_1205\">\r\n\t\t\t\t                    <div class=\"col-md-4 col-sm-6 wl-gallery\">\r\n                        <div class=\"b-link-stroke b-animate-go\">\r\n\r\n\t\t\t\t\t\t\t                            <a alt=\"\" class=\"swipebox\" href=\"http:\/\/sp184lodz.edu.pl\/wp-content\/uploads\/2017\/05\/orlik_SP184-3.jpg\"\r\n                               title=\"\" data-rel=\"lightbox-image-0\" data-rl_title=\"\" data-rl_caption=\"\">\r\n                                <img decoding=\"async\" src=\"http:\/\/sp184lodz.edu.pl\/wp-content\/uploads\/2017\/05\/orlik_SP184-3-400x400.jpg\" class=\"gall-img-responsive\"\r\n                                     alt=\"orlik_SP184-3\">\r\n                                <div class=\"b-wrapper\">\r\n\t\t\t\t\t\t\t\t\t\t\t\t\t\t\t\t\t\t\t\t\t\t\t\t\t\t\t\t                                <\/div>\r\n                            <\/a>\r\n\t\t\t\t\t\t\t                        <\/div>\r\n\t\t\t\t\t\t                    <\/div>\r\n\t\t\t\t\t                    <div class=\"col-md-4 col-sm-6 wl-gallery\">\r\n                        <div class=\"b-link-stroke b-animate-go\">\r\n\r\n\t\t\t\t\t\t\t                            <a alt=\"\" class=\"swipebox\" href=\"http:\/\/sp184lodz.edu.pl\/wp-content\/uploads\/2017\/05\/orlik_SP184-8.jpg\"\r\n                               title=\"\" data-rel=\"lightbox-image-1\" data-rl_title=\"\" data-rl_caption=\"\">\r\n                                <img decoding=\"async\" src=\"http:\/\/sp184lodz.edu.pl\/wp-content\/uploads\/2017\/05\/orlik_SP184-8-360x400.jpg\" class=\"gall-img-responsive\"\r\n                                     alt=\"orlik_SP184-8\">\r\n                                <div class=\"b-wrapper\">\r\n\t\t\t\t\t\t\t\t\t\t\t\t\t\t\t\t\t\t\t\t\t\t\t\t\t\t\t\t                                <\/div>\r\n                            <\/a>\r\n\t\t\t\t\t\t\t                        <\/div>\r\n\t\t\t\t\t\t                    <\/div>\r\n\t\t\t\t\t                    <div class=\"col-md-4 col-sm-6 wl-gallery\">\r\n                        <div class=\"b-link-stroke b-animate-go\">\r\n\r\n\t\t\t\t\t\t\t                            <a alt=\"\" class=\"swipebox\" href=\"http:\/\/sp184lodz.edu.pl\/wp-content\/uploads\/2017\/05\/orlik_SP184-1.jpg\"\r\n                               title=\"\" data-rel=\"lightbox-image-2\" data-rl_title=\"\" data-rl_caption=\"\">\r\n                                <img decoding=\"async\" src=\"http:\/\/sp184lodz.edu.pl\/wp-content\/uploads\/2017\/05\/orlik_SP184-1-400x360.jpg\" class=\"gall-img-responsive\"\r\n                                     alt=\"orlik_SP184-1\">\r\n                                <div class=\"b-wrapper\">\r\n\t\t\t\t\t\t\t\t\t\t\t\t\t\t\t\t\t\t\t\t\t\t\t\t\t\t\t\t                                <\/div>\r\n                            <\/a>\r\n\t\t\t\t\t\t\t                        <\/div>\r\n\t\t\t\t\t\t                    <\/div>\r\n\t\t\t\t\t                    <div class=\"col-md-4 col-sm-6 wl-gallery\">\r\n                        <div class=\"b-link-stroke b-animate-go\">\r\n\r\n\t\t\t\t\t\t\t                            <a alt=\"\" class=\"swipebox\" href=\"http:\/\/sp184lodz.edu.pl\/wp-content\/uploads\/2017\/05\/orlik_SP184-2.jpg\"\r\n                               title=\"\" data-rel=\"lightbox-image-3\" data-rl_title=\"\" data-rl_caption=\"\">\r\n                                <img decoding=\"async\" src=\"http:\/\/sp184lodz.edu.pl\/wp-content\/uploads\/2017\/05\/orlik_SP184-2-400x400.jpg\" class=\"gall-img-responsive\"\r\n                                     alt=\"orlik_SP184-2\">\r\n                                <div class=\"b-wrapper\">\r\n\t\t\t\t\t\t\t\t\t\t\t\t\t\t\t\t\t\t\t\t\t\t\t\t\t\t\t\t                                <\/div>\r\n                            <\/a>\r\n\t\t\t\t\t\t\t                        <\/div>\r\n\t\t\t\t\t\t                    <\/div>\r\n\t\t\t\t\t                    <div class=\"col-md-4 col-sm-6 wl-gallery\">\r\n                        <div class=\"b-link-stroke b-animate-go\">\r\n\r\n\t\t\t\t\t\t\t                            <a alt=\"\" class=\"swipebox\" href=\"http:\/\/sp184lodz.edu.pl\/wp-content\/uploads\/2017\/05\/orlik_SP184-5.jpg\"\r\n                               title=\"\" data-rel=\"lightbox-image-4\" data-rl_title=\"\" data-rl_caption=\"\">\r\n                                <img decoding=\"async\" src=\"http:\/\/sp184lodz.edu.pl\/wp-content\/uploads\/2017\/05\/orlik_SP184-5-400x400.jpg\" class=\"gall-img-responsive\"\r\n                                     alt=\"orlik_SP184-5\">\r\n                                <div class=\"b-wrapper\">\r\n\t\t\t\t\t\t\t\t\t\t\t\t\t\t\t\t\t\t\t\t\t\t\t\t\t\t\t\t                                <\/div>\r\n                            <\/a>\r\n\t\t\t\t\t\t\t                        <\/div>\r\n\t\t\t\t\t\t                    <\/div>\r\n\t\t\t\t\t                    <div class=\"col-md-4 col-sm-6 wl-gallery\">\r\n                        <div class=\"b-link-stroke b-animate-go\">\r\n\r\n\t\t\t\t\t\t\t                            <a alt=\"\" class=\"swipebox\" href=\"http:\/\/sp184lodz.edu.pl\/wp-content\/uploads\/2017\/05\/orlik_SP184-4.jpg\"\r\n                               title=\"\" data-rel=\"lightbox-image-5\" data-rl_title=\"\" data-rl_caption=\"\">\r\n                                <img decoding=\"async\" src=\"http:\/\/sp184lodz.edu.pl\/wp-content\/uploads\/2017\/05\/orlik_SP184-4-400x360.jpg\" class=\"gall-img-responsive\"\r\n                                     alt=\"orlik_SP184-4\">\r\n                                <div class=\"b-wrapper\">\r\n\t\t\t\t\t\t\t\t\t\t\t\t\t\t\t\t\t\t\t\t\t\t\t\t\t\t\t\t                                <\/div>\r\n                            <\/a>\r\n\t\t\t\t\t\t\t                        <\/div>\r\n\t\t\t\t\t\t                    <\/div>\r\n\t\t\t\t\t                    <div class=\"col-md-4 col-sm-6 wl-gallery\">\r\n                        <div class=\"b-link-stroke b-animate-go\">\r\n\r\n\t\t\t\t\t\t\t                            <a alt=\"\" class=\"swipebox\" href=\"http:\/\/sp184lodz.edu.pl\/wp-content\/uploads\/2017\/05\/orlik_SP184-6.jpg\"\r\n                               title=\"\" data-rel=\"lightbox-image-6\" data-rl_title=\"\" data-rl_caption=\"\">\r\n                                <img decoding=\"async\" src=\"http:\/\/sp184lodz.edu.pl\/wp-content\/uploads\/2017\/05\/orlik_SP184-6-400x360.jpg\" class=\"gall-img-responsive\"\r\n                                     alt=\"orlik_SP184-6\">\r\n                                <div class=\"b-wrapper\">\r\n\t\t\t\t\t\t\t\t\t\t\t\t\t\t\t\t\t\t\t\t\t\t\t\t\t\t\t\t                                <\/div>\r\n                            <\/a>\r\n\t\t\t\t\t\t\t                        <\/div>\r\n\t\t\t\t\t\t                    <\/div>\r\n\t\t\t\t\t                    <div class=\"col-md-4 col-sm-6 wl-gallery\">\r\n                        <div class=\"b-link-stroke b-animate-go\">\r\n\r\n\t\t\t\t\t\t\t                            <a alt=\"\" class=\"swipebox\" href=\"http:\/\/sp184lodz.edu.pl\/wp-content\/uploads\/2017\/05\/orlik_SP184-7.jpg\"\r\n                               title=\"\" data-rel=\"lightbox-image-7\" data-rl_title=\"\" data-rl_caption=\"\">\r\n                                <img decoding=\"async\" src=\"http:\/\/sp184lodz.edu.pl\/wp-content\/uploads\/2017\/05\/orlik_SP184-7-400x400.jpg\" class=\"gall-img-responsive\"\r\n                                     alt=\"orlik_SP184-7\">\r\n                                <div class=\"b-wrapper\">\r\n\t\t\t\t\t\t\t\t\t\t\t\t\t\t\t\t\t\t\t\t\t\t\t\t\t\t\t\t                                <\/div>\r\n                            <\/a>\r\n\t\t\t\t\t\t\t                        <\/div>\r\n\t\t\t\t\t\t                    <\/div>\r\n\t\t\t\t\t            <\/div>\r\n\t\t    <\/div>\r\n\r\n    <!-- swipe box-->\r\n    <script type=\"text\/javascript\">\r\n      (function (jQuery) {\r\n\t\t\tjQuery(window).imagesLoaded(function () {\r\n\t\t\tjQuery( window ).load(function() {\r\n   \t\t\tjQuery('.gallery1').masonry({\r\n                itemSelector: '.wl-gallery',\r\n                isAnimated: true,\r\n                isFitWidth: true\r\n            });\r\n\t\t}); });\r\n\t\t\t\/\/ jQuery('.gallery1').imagesLoaded(function () {\r\n   \/\/          jQuery('.gallery1').masonry({\r\n   \/\/              itemSelector: '.wl-gallery',\r\n   \/\/              isAnimated: true,\r\n   \/\/              isFitWidth: true\r\n   \/\/          });\r\n   \/\/      });\r\n        \tjQuery('.swipebox').imagesLoaded(function () {\r\n            jQuery('.swipebox').swipebox({\r\n                hideBarsDelay: 0,\r\n                hideCloseButtonOnMobile: false,\r\n            });\r\n             });\r\n\/\/         \t     jQuery('.gallery1').imagesLoaded(function () {\r\n\/\/             jQuery('.gallery1').masonry({\r\n\/\/                 itemSelector: '.wl-gallery',\r\n\/\/                 isAnimated: true,\r\n\/\/                 isFitWidth: true\r\n\/\/             });\r\n\/\/         });\r\n        })(jQuery);\r\n\r\n        \/\/ jQuery('.gallery1').imagesLoaded(function () {\r\n        \/\/     jQuery('.gallery1').masonry({\r\n        \/\/         itemSelector: '.wl-gallery',\r\n        \/\/         isAnimated: true,\r\n        \/\/         isFitWidth: true\r\n        \/\/     });\r\n        \/\/ });\r\n    <\/script> \r\n   <!--  <script type=\"text\/javascript\">\r\n        ;(function (jQuery) {\r\n            jQuery('.swipebox').swipebox({\r\n                hideBarsDelay: 0,\r\n                hideCloseButtonOnMobile: false,\r\n            });\r\n        })(jQuery);\r\n\r\n        jQuery('.gallery1').imagesLoaded(function () {\r\n            jQuery('.gallery1').masonry({\r\n                itemSelector: '.wl-gallery',\r\n                isAnimated: true,\r\n                isFitWidth: true\r\n            });\r\n        });\r\n    <\/script> -->\r\n\r\n\t<\/p>\n","protected":false},"excerpt":{"rendered":"<p>Boisko \u201eOrlik\u201d Boisko \u201eOrlik\u201d czynne jest od poniedzia\u0142ku do pi\u0105tku w godz. 16.30 \u2013 20.30 sobota w godz. 9.00- 14.00 Propagujemy Freestyle Fooball i pi\u0142k\u0119 techniczn\u0105, chcemy zara\u017ca\u0107 dzieci pasj\u0105 i propagowa\u0107 zdrowy tryb \u017cycia, ka\u017cdy mo\u017ce przyj\u015b\u0107 spr\u00f3bowa\u0107 za <a href=\"https:\/\/sp184lodz.edu.pl\/?p=1205\" class=\"read-more\">czytaj wi\u0119cej &#8230;<\/a><\/p>\n","protected":false},"author":1,"featured_media":0,"parent":151,"menu_order":0,"comment_status":"closed","ping_status":"closed","template":"","meta":{"two_page_speed":[],"footnotes":""},"class_list":["post-716","page","type-page","status-publish","hentry"],"_links":{"self":[{"href":"https:\/\/sp184lodz.edu.pl\/index.php\/wp-json\/wp\/v2\/pages\/716","targetHints":{"allow":["GET"]}}],"collection":[{"href":"https:\/\/sp184lodz.edu.pl\/index.php\/wp-json\/wp\/v2\/pages"}],"about":[{"href":"https:\/\/sp184lodz.edu.pl\/index.php\/wp-json\/wp\/v2\/types\/page"}],"author":[{"embeddable":true,"href":"https:\/\/sp184lodz.edu.pl\/index.php\/wp-json\/wp\/v2\/users\/1"}],"replies":[{"embeddable":true,"href":"https:\/\/sp184lodz.edu.pl\/index.php\/wp-json\/wp\/v2\/comments?post=716"}],"version-history":[{"count":19,"href":"https:\/\/sp184lodz.edu.pl\/index.php\/wp-json\/wp\/v2\/pages\/716\/revisions"}],"predecessor-version":[{"id":12407,"href":"https:\/\/sp184lodz.edu.pl\/index.php\/wp-json\/wp\/v2\/pages\/716\/revisions\/12407"}],"up":[{"embeddable":true,"href":"https:\/\/sp184lodz.edu.pl\/index.php\/wp-json\/wp\/v2\/pages\/151"}],"wp:attachment":[{"href":"https:\/\/sp184lodz.edu.pl\/index.php\/wp-json\/wp\/v2\/media?parent=716"}],"curies":[{"name":"wp","href":"https:\/\/api.w.org\/{rel}","templated":true}]}}