{"id":7195,"date":"2019-10-16T16:37:37","date_gmt":"2019-10-16T14:37:37","guid":{"rendered":"http:\/\/sp184lodz.edu.pl\/?page_id=7195"},"modified":"2020-03-11T09:37:16","modified_gmt":"2020-03-11T08:37:16","slug":"sale-gimnastyczne","status":"publish","type":"page","link":"https:\/\/sp184lodz.edu.pl\/index.php\/szkola\/sale-gimnastyczne\/","title":{"rendered":"SALE GIMNASTYCZNE"},"content":{"rendered":"<h4><\/h4>\n<h4 style=\"text-align: center;\">Zaj\u0119cia pozalekcyjne prowadzone na salach gimnastycznych<br \/>\nw roku szkolnym 2019\/2020<\/h4>\n<table width=\"0\">\n<tbody>\n<tr>\n<td width=\"132\">\n<p style=\"text-align: center;\"><strong>Dni<br \/>\n<\/strong><strong>tygodnia<\/strong><\/p>\n<\/td>\n<td width=\"227\">\n<p style=\"text-align: center;\"><strong>Ma\u0142a sal<br \/>\n<\/strong><strong>gimnastyczna<\/strong><\/p>\n<\/td>\n<td width=\"312\">\n<p style=\"text-align: center;\"><strong>\u015arednia sala<br \/>\n<\/strong><strong>gimnastyczna<\/strong><\/p>\n<\/td>\n<td width=\"302\">\n<p style=\"text-align: center;\"><strong>Du\u017ca sala gimnastyczna<\/strong><\/p>\n<\/td>\n<\/tr>\n<tr>\n<td width=\"132\"><strong>poniedzia\u0142ek<\/strong><\/td>\n<td width=\"227\"><strong>karate<\/strong><\/p>\n<p><strong>godz. 18.00 &#8211; 19.00<\/strong><\/td>\n<td width=\"312\"><strong>siatk\u00f3wka<\/strong><\/p>\n<p><strong>godz. 17.00 &#8211; 20.00<\/strong><\/td>\n<td width=\"302\"><strong>pi\u0142ka no\u017cna<\/strong><\/p>\n<p><strong>godz. 17.30 \u2013 18.30<\/strong><\/td>\n<\/tr>\n<tr>\n<td width=\"132\"><strong>wtorek<\/strong><\/p>\n<p><strong>\u00a0<\/strong><\/td>\n<td width=\"227\"><strong><sup>\u00a0<\/sup><\/strong><\/td>\n<td width=\"312\"><strong><sup>\u00a0<\/sup><\/strong><\/td>\n<td width=\"302\"><strong>pi\u0142ka no\u017cna<\/strong><\/p>\n<p><strong>godz. 16.30 \u2013 19.00<\/strong><\/p>\n<p><strong>koszyk\u00f3wka<\/strong><\/p>\n<p><strong>godz. 19.00 \u2013 20.00<\/strong><\/td>\n<\/tr>\n<tr>\n<td width=\"132\"><strong>\u015broda<\/strong><\/td>\n<td width=\"227\"><strong>P\u0119dziwiatry<\/strong><\/p>\n<p><strong>godz. 14.30 &#8211; 16.00<\/strong><\/td>\n<td width=\"312\"><strong>pi\u0142ka no\u017cna<\/strong><\/p>\n<p><strong>godz. 17.30 \u2013 18.30<\/strong><\/td>\n<td width=\"302\"><strong>siatk\u00f3wka<\/strong><\/p>\n<p><strong>godz. 17.00 &#8211; 20.00<\/strong><\/td>\n<\/tr>\n<tr>\n<td width=\"132\"><strong>czwartek<\/strong><\/td>\n<td width=\"227\"><strong>\u00a0<\/strong><\/td>\n<td width=\"312\"><strong>\u00a0<\/strong><\/td>\n<td width=\"302\"><strong>pi\u0142ka no\u017cna<\/strong><\/p>\n<p><strong>godz. 16.30 \u2013 19.00<\/strong><\/p>\n<p><strong>koszyk\u00f3wka<\/strong><\/p>\n<p><strong>godz. 19.00 \u2013 20.00<\/strong><\/td>\n<\/tr>\n<tr>\n<td width=\"132\"><strong>pi\u0105tek<\/strong><\/td>\n<td width=\"227\"><strong>karate<\/strong><\/p>\n<p><strong>godz. 16.30 &#8211; 17.30<\/strong><\/td>\n<td width=\"312\"><strong>\u00a0<\/strong><\/td>\n<td width=\"302\"><strong>siatk\u00f3wka<\/strong><\/p>\n<p><strong>godz. 17.00 &#8211; 20.00<\/strong><\/td>\n<\/tr>\n<\/tbody>\n<\/table>\n<p>&nbsp;<\/p>\n<p>Obja\u015bnienia:<\/p>\n<p><strong>Football Academy Group \u2013 pi\u0142ka no\u017cna,\u00a0\u00a0\u00a0\u00a0\u00a0\u00a0\u00a0\u00a0\u00a0 Mi\u0119dzy Szkolny Klub Sportowy \u201e16\u201d \u0141\u00f3d\u017a \u2013 siatk\u00f3wka,<\/strong><\/p>\n<p><strong>Klub KARATE \u201e44\u201d \u2013 karate,\u00a0\u00a0 \u00a0Sportowa Akademia Malucha \u2013 koszyk\u00f3wka,\u00a0 P\u0119dziwiatry \u2013 ta\u0144ce <\/strong><\/p>\n","protected":false},"excerpt":{"rendered":"<p>Zaj\u0119cia pozalekcyjne prowadzone na salach gimnastycznych w roku szkolnym 2019\/2020 Dni tygodnia Ma\u0142a sal gimnastyczna \u015arednia sala gimnastyczna Du\u017ca sala gimnastyczna poniedzia\u0142ek karate godz. 18.00 &#8211; 19.00 siatk\u00f3wka godz. 17.00 &#8211; 20.00 pi\u0142ka no\u017cna godz. 17.30 \u2013 18.30 wtorek \u00a0 <a href=\"https:\/\/sp184lodz.edu.pl\/index.php\/szkola\/sale-gimnastyczne\/\" class=\"read-more\">czytaj wi\u0119cej &#8230;<\/a><\/p>\n","protected":false},"author":1,"featured_media":0,"parent":151,"menu_order":4,"comment_status":"closed","ping_status":"closed","template":"","meta":{"two_page_speed":[],"footnotes":""},"class_list":["post-7195","page","type-page","status-publish","hentry"],"_links":{"self":[{"href":"https:\/\/sp184lodz.edu.pl\/index.php\/wp-json\/wp\/v2\/pages\/7195","targetHints":{"allow":["GET"]}}],"collection":[{"href":"https:\/\/sp184lodz.edu.pl\/index.php\/wp-json\/wp\/v2\/pages"}],"about":[{"href":"https:\/\/sp184lodz.edu.pl\/index.php\/wp-json\/wp\/v2\/types\/page"}],"author":[{"embeddable":true,"href":"https:\/\/sp184lodz.edu.pl\/index.php\/wp-json\/wp\/v2\/users\/1"}],"replies":[{"embeddable":true,"href":"https:\/\/sp184lodz.edu.pl\/index.php\/wp-json\/wp\/v2\/comments?post=7195"}],"version-history":[{"count":3,"href":"https:\/\/sp184lodz.edu.pl\/index.php\/wp-json\/wp\/v2\/pages\/7195\/revisions"}],"predecessor-version":[{"id":8093,"href":"https:\/\/sp184lodz.edu.pl\/index.php\/wp-json\/wp\/v2\/pages\/7195\/revisions\/8093"}],"up":[{"embeddable":true,"href":"https:\/\/sp184lodz.edu.pl\/index.php\/wp-json\/wp\/v2\/pages\/151"}],"wp:attachment":[{"href":"https:\/\/sp184lodz.edu.pl\/index.php\/wp-json\/wp\/v2\/media?parent=7195"}],"curies":[{"name":"wp","href":"https:\/\/api.w.org\/{rel}","templated":true}]}}