{"id":9373,"date":"2020-10-29T12:33:31","date_gmt":"2020-10-29T11:33:31","guid":{"rendered":"http:\/\/sp184lodz.edu.pl\/?page_id=9373"},"modified":"2022-09-04T17:19:04","modified_gmt":"2022-09-04T15:19:04","slug":"nasze-hobby","status":"publish","type":"page","link":"https:\/\/sp184lodz.edu.pl\/index.php\/nasze-hobby\/","title":{"rendered":"Nasze hobby"},"content":{"rendered":"<h2>Stanis\u0142aw Waga, klasa 7a<\/h2>\n<h4>   Stanis\u0142aw Waga, ucze\u0144 klasy 7a, trenuje tenis ziemny od czterech lat w klubie Start \u0141\u00f3d\u017a. W tym czasie wielokrotnie stawa\u0142 na podium, zdobywaj\u0105c medale i puchary.<br \/>\n  W dniach 14-15 maja odby\u0142y si\u0119 Letnie Mistrzostwa Wojew\u00f3dztwa \u0141\u00f3dzkiego w tenisie ziemnym, w kategorii wiekowej do lat 14. To najwa\u017cniejszy turniej tenisowy sezonu letniego w naszym wojew\u00f3dztwie. Zawodnicy rywalizuj\u0105 w grze pojedynczej oraz w grze podw\u00f3jnej. Sta\u015b Waga z klasy 6a wywalczy\u0142 na mistrzostwach III miejsce w singlu i II miejsce w deblu. W ci\u0105gu 2 dni rozegra\u0142 sze\u015b\u0107 mecz\u00f3w, rywalizuj\u0105c z zawodnikami klub\u00f3w z wojew\u00f3dztwa \u0142\u00f3dzkiego.  Brawo Sta\u015b!<\/h4>\n<p><img loading=\"lazy\" decoding=\"async\" class=\"size-full wp-image-9407 aligncenter\" src=\"https:\/\/sp184lodz.edu.pl\/wp-content\/uploads\/2022\/09\/nasze_hobby_stanislaw.jpg\" alt=\"Jan\" width=\"448\" height=\"600\" \/><br \/>\n<img loading=\"lazy\" decoding=\"async\" class=\"size-full wp-image-9407 aligncenter\" src=\"https:\/\/sp184lodz.edu.pl\/wp-content\/uploads\/2022\/09\/nasze_hobby_stanislaw_dyplom.jpg\" alt=\"Jan\" width=\"448\" height=\"600\" \/><\/p>\n<hr style=\"color: red; background-color: red;\" \/>\n<hr style=\"color: red; background-color: red;\" \/>\n<hr style=\"color: red; background-color: red;\" \/>\n<h2>Jan Leszczy\u0144ski, klasa 8a<\/h2>\n<h4>Nazywam si\u0119 Jan Leszczy\u0144ski, ucz\u0119szczam do klasy 8a. Moim hobby jest kolekcjonowanie kart Pok\u00e9mon. Zbieram je od roku, a od czterech miesi\u0119cy uczestnicz\u0119 w turniejach. Gra polega na zdobyciu sze\u015bciu kart nagrody. Wymaga to strategii i dobrej wsp\u00f3\u0142pracy kart. Talia sk\u0142ada si\u0119 z 60 kart, w tym kart typu Supporter, Item, Energy i Pokemon. Ka\u017cda z nich odgrywa du\u017c\u0105 rol\u0119 w rozgrywce. Turnieje maj\u0105 3 rangi; League Challenge, League Cup oraz Regionals. W \u0141odzi jedynym miejscem, w kt\u00f3rym mo\u017cna zagra\u0107 jest sklep \u201eGralnia\u201d na ul. Wi\u0119ckowskiego. Karty mo\u017cna zdoby\u0107 poprzez wymian\u0119 oraz kupno zestaw\u00f3w, takich jak paczki, boxy i talie. Aktualnie moja kolekcja liczy ponad 2000 kart z najnowszych rozszerze\u0144 i pere\u0142ek z 1999 roku.<\/h4>\n<p><img loading=\"lazy\" decoding=\"async\" class=\"size-full wp-image-9407 aligncenter\" src=\"http:\/\/sp184lodz.edu.pl\/wp-content\/uploads\/2020\/11\/jan_leszczynski.jpeg\" alt=\"Jan\" width=\"448\" height=\"600\" srcset=\"https:\/\/sp184lodz.edu.pl\/wp-content\/uploads\/2020\/11\/jan_leszczynski.jpeg 448w, https:\/\/sp184lodz.edu.pl\/wp-content\/uploads\/2020\/11\/jan_leszczynski-224x300.jpeg 224w\" sizes=\"auto, (max-width: 448px) 100vw, 448px\" \/><\/p>\n<hr style=\"color: red; background-color: red;\" \/>\n<hr style=\"color: red; background-color: red;\" \/>\n<hr style=\"color: red; background-color: red;\" \/>\n<h2>Kacper Leszczy\u0144ski, klasa 6f<\/h2>\n<h4>Jestem Kacper Leszczy\u0144ski z klasy 6f. Moje hobby to militaria. Interesuj\u0119 si\u0119 uzbrojeniem i umundurowaniem z czas\u00f3w II Wojny \u015awiatowej. Ogl\u0105dam wiele film\u00f3w dokumentalnych na ten temat. Od p\u00f3\u0142 roku sk\u0142adam modele pojazd\u00f3w wojskowych z tego okresu. Z\u0142o\u017cenie jednego modelu, w zale\u017cno\u015bci od trudno\u015bci zajmuje mi oko\u0142o 6 godzin. Modelarstwo uczy cierpliwo\u015bci i dok\u0142adno\u015bci. Moim ostatnim modelem jest niemiecki Sd.Kfz.251 \u201eHanomag\u201d. Aktualnie chc\u0119 kupi\u0107 i z\u0142o\u017cy\u0107 Panzerkampfwagena Aust-F. Kolekcjonuj\u0119 r\u00f3wnie\u017c rzeczy zwi\u0105zane z obronno\u015bci\u0105, np. maski gazowe, \u0142uski i skrzynki nabojowe.<\/h4>\n<p><img loading=\"lazy\" decoding=\"async\" class=\"size-full wp-image-9406 aligncenter\" src=\"http:\/\/sp184lodz.edu.pl\/wp-content\/uploads\/2020\/11\/kacper_leszczynski.jpeg\" alt=\"Kacper\" width=\"448\" height=\"600\" srcset=\"https:\/\/sp184lodz.edu.pl\/wp-content\/uploads\/2020\/11\/kacper_leszczynski.jpeg 448w, https:\/\/sp184lodz.edu.pl\/wp-content\/uploads\/2020\/11\/kacper_leszczynski-224x300.jpeg 224w\" sizes=\"auto, (max-width: 448px) 100vw, 448px\" \/><\/p>\n<hr style=\"color: red; background-color: red;\" \/>\n<hr style=\"color: red; background-color: red;\" \/>\n<hr style=\"color: red; background-color: red;\" \/>\n<h2>\u00a0Sukces Aleksandra<\/h2>\n<h4>17 pa\u017adziernika 2020 w \u0141odzi odby\u0142y si\u0119 zawody ligi szkolnej w judo. Aleksander Gorze\u0144 &#8211; ucze\u0144 kl.6a zaj\u0105\u0142 2 miejsce w swojej kategorii wiekowej i wagowej. Otrzyma\u0142 puchar i dyplom.<br \/>\n\u017byczymy dalszych sukces\u00f3w sportowych.<\/h4>\n<hr style=\"color: red; background-color: red;\" \/>\n<hr style=\"color: red; background-color: red;\" \/>\n<hr style=\"color: red; background-color: red;\" \/>\n<h2>Sukces Stasia z 5a<\/h2>\n<h4>W sobot\u0119 7 wrze\u015bnia 2020 ucze\u0144 klasy Va Sta\u015b Waga bra\u0142 udzia\u0142 w turnieju tenisowym Tenisowe po\u017cegnanie lata, na kortach MKT \u0141\u00f3d\u017a. Sta\u015b zaj\u0105\u0142 pierwsze miejsce w kategorii do 12 lat, wygrywaj\u0105c wszystkie mecze.<br \/>\nSta\u015b trenuje tenis od dw\u00f3ch lat w klubie tenisowym Start. W tym czasie bra\u0142 udzia\u0142 w wielu turniejach zdobywaj\u0105c medale i puchary. Zwyci\u0119\u017cy\u0142 m. in. w klasyfikacji generalnej do lat 10, w turnieju Nordy\u0144ski Cup 2019, organizowanym przez AZS \u0141\u00f3d\u017a. W swojej kategorii wiekowej, na zako\u0144czenie sezonu 2019 zaj\u0105\u0142 4 miejsce w wojew\u00f3dztwie \u0142\u00f3dzkim.<\/h4>\n<p><img loading=\"lazy\" decoding=\"async\" class=\"aligncenter wp-image-9376 size-full\" src=\"http:\/\/sp184lodz.edu.pl\/wp-content\/uploads\/2020\/10\/Stas_Waga_SP184.jpg\" alt=\"Stas\" width=\"450\" height=\"600\" srcset=\"https:\/\/sp184lodz.edu.pl\/wp-content\/uploads\/2020\/10\/Stas_Waga_SP184.jpg 450w, https:\/\/sp184lodz.edu.pl\/wp-content\/uploads\/2020\/10\/Stas_Waga_SP184-225x300.jpg 225w\" sizes=\"auto, (max-width: 450px) 100vw, 450px\" \/><\/p>\n","protected":false},"excerpt":{"rendered":"<p>Stanis\u0142aw Waga, klasa 7a Stanis\u0142aw Waga, ucze\u0144 klasy 7a, trenuje tenis ziemny od czterech lat w klubie Start \u0141\u00f3d\u017a. W tym czasie wielokrotnie stawa\u0142 na podium, zdobywaj\u0105c medale i puchary. W dniach 14-15 maja odby\u0142y si\u0119 Letnie Mistrzostwa Wojew\u00f3dztwa \u0141\u00f3dzkiego <a href=\"https:\/\/sp184lodz.edu.pl\/index.php\/nasze-hobby\/\" class=\"read-more\">czytaj wi\u0119cej &#8230;<\/a><\/p>\n","protected":false},"author":4,"featured_media":0,"parent":0,"menu_order":0,"comment_status":"closed","ping_status":"closed","template":"","meta":{"two_page_speed":[],"footnotes":""},"class_list":["post-9373","page","type-page","status-publish","hentry"],"_links":{"self":[{"href":"https:\/\/sp184lodz.edu.pl\/index.php\/wp-json\/wp\/v2\/pages\/9373","targetHints":{"allow":["GET"]}}],"collection":[{"href":"https:\/\/sp184lodz.edu.pl\/index.php\/wp-json\/wp\/v2\/pages"}],"about":[{"href":"https:\/\/sp184lodz.edu.pl\/index.php\/wp-json\/wp\/v2\/types\/page"}],"author":[{"embeddable":true,"href":"https:\/\/sp184lodz.edu.pl\/index.php\/wp-json\/wp\/v2\/users\/4"}],"replies":[{"embeddable":true,"href":"https:\/\/sp184lodz.edu.pl\/index.php\/wp-json\/wp\/v2\/comments?post=9373"}],"version-history":[{"count":14,"href":"https:\/\/sp184lodz.edu.pl\/index.php\/wp-json\/wp\/v2\/pages\/9373\/revisions"}],"predecessor-version":[{"id":12500,"href":"https:\/\/sp184lodz.edu.pl\/index.php\/wp-json\/wp\/v2\/pages\/9373\/revisions\/12500"}],"wp:attachment":[{"href":"https:\/\/sp184lodz.edu.pl\/index.php\/wp-json\/wp\/v2\/media?parent=9373"}],"curies":[{"name":"wp","href":"https:\/\/api.w.org\/{rel}","templated":true}]}}

<h2>Stanisław Waga, klasa 7a</h2>
<h4>   Stanisław Waga, uczeń klasy 7a, trenuje tenis ziemny od czterech lat w klubie Start Łódź. W tym czasie wielokrotnie stawał na podium, zdobywając medale i puchary.<br />
  W dniach 14-15 maja odbyły się Letnie Mistrzostwa Województwa Łódzkiego w tenisie ziemnym, w kategorii wiekowej do lat 14. To najważniejszy turniej tenisowy sezonu letniego w naszym województwie. Zawodnicy rywalizują w grze pojedynczej oraz w grze podwójnej. Staś Waga z klasy 6a wywalczył na mistrzostwach III miejsce w singlu i II miejsce w deblu. W ciągu 2 dni rozegrał sześć meczów, rywalizując z zawodnikami klubów z województwa łódzkiego.  Brawo Staś!</h4>
<p><img loading="lazy" decoding="async" class="size-full wp-image-9407 aligncenter" src="https://sp184lodz.edu.pl/wp-content/uploads/2022/09/nasze_hobby_stanislaw.jpg" alt="Jan" width="448" height="600" /><br />
<img loading="lazy" decoding="async" class="size-full wp-image-9407 aligncenter" src="https://sp184lodz.edu.pl/wp-content/uploads/2022/09/nasze_hobby_stanislaw_dyplom.jpg" alt="Jan" width="448" height="600" /></p>
<hr style="color: red; background-color: red;" />
<hr style="color: red; background-color: red;" />
<hr style="color: red; background-color: red;" />
<h2>Jan Leszczyński, klasa 8a</h2>
<h4>Nazywam się Jan Leszczyński, uczęszczam do klasy 8a. Moim hobby jest kolekcjonowanie kart Pokémon. Zbieram je od roku, a od czterech miesięcy uczestniczę w turniejach. Gra polega na zdobyciu sześciu kart nagrody. Wymaga to strategii i dobrej współpracy kart. Talia składa się z 60 kart, w tym kart typu Supporter, Item, Energy i Pokemon. Każda z nich odgrywa dużą rolę w rozgrywce. Turnieje mają 3 rangi; League Challenge, League Cup oraz Regionals. W Łodzi jedynym miejscem, w którym można zagrać jest sklep „Gralnia” na ul. Więckowskiego. Karty można zdobyć poprzez wymianę oraz kupno zestawów, takich jak paczki, boxy i talie. Aktualnie moja kolekcja liczy ponad 2000 kart z najnowszych rozszerzeń i perełek z 1999 roku.</h4>
<p><img loading="lazy" decoding="async" class="size-full wp-image-9407 aligncenter" src="http://sp184lodz.edu.pl/wp-content/uploads/2020/11/jan_leszczynski.jpeg" alt="Jan" width="448" height="600" srcset="https://sp184lodz.edu.pl/wp-content/uploads/2020/11/jan_leszczynski.jpeg 448w, https://sp184lodz.edu.pl/wp-content/uploads/2020/11/jan_leszczynski-224x300.jpeg 224w" sizes="auto, (max-width: 448px) 100vw, 448px" /></p>
<hr style="color: red; background-color: red;" />
<hr style="color: red; background-color: red;" />
<hr style="color: red; background-color: red;" />
<h2>Kacper Leszczyński, klasa 6f</h2>
<h4>Jestem Kacper Leszczyński z klasy 6f. Moje hobby to militaria. Interesuję się uzbrojeniem i umundurowaniem z czasów II Wojny Światowej. Oglądam wiele filmów dokumentalnych na ten temat. Od pół roku składam modele pojazdów wojskowych z tego okresu. Złożenie jednego modelu, w zależności od trudności zajmuje mi około 6 godzin. Modelarstwo uczy cierpliwości i dokładności. Moim ostatnim modelem jest niemiecki Sd.Kfz.251 „Hanomag”. Aktualnie chcę kupić i złożyć Panzerkampfwagena Aust-F. Kolekcjonuję również rzeczy związane z obronnością, np. maski gazowe, łuski i skrzynki nabojowe.</h4>
<p><img loading="lazy" decoding="async" class="size-full wp-image-9406 aligncenter" src="http://sp184lodz.edu.pl/wp-content/uploads/2020/11/kacper_leszczynski.jpeg" alt="Kacper" width="448" height="600" srcset="https://sp184lodz.edu.pl/wp-content/uploads/2020/11/kacper_leszczynski.jpeg 448w, https://sp184lodz.edu.pl/wp-content/uploads/2020/11/kacper_leszczynski-224x300.jpeg 224w" sizes="auto, (max-width: 448px) 100vw, 448px" /></p>
<hr style="color: red; background-color: red;" />
<hr style="color: red; background-color: red;" />
<hr style="color: red; background-color: red;" />
<h2> Sukces Aleksandra</h2>
<h4>17 października 2020 w Łodzi odbyły się zawody ligi szkolnej w judo. Aleksander Gorzeń &#8211; uczeń kl.6a zajął 2 miejsce w swojej kategorii wiekowej i wagowej. Otrzymał puchar i dyplom.<br />
Życzymy dalszych sukcesów sportowych.</h4>
<hr style="color: red; background-color: red;" />
<hr style="color: red; background-color: red;" />
<hr style="color: red; background-color: red;" />
<h2>Sukces Stasia z 5a</h2>
<h4>W sobotę 7 września 2020 uczeń klasy Va Staś Waga brał udział w turnieju tenisowym Tenisowe pożegnanie lata, na kortach MKT Łódź. Staś zajął pierwsze miejsce w kategorii do 12 lat, wygrywając wszystkie mecze.<br />
Staś trenuje tenis od dwóch lat w klubie tenisowym Start. W tym czasie brał udział w wielu turniejach zdobywając medale i puchary. Zwyciężył m. in. w klasyfikacji generalnej do lat 10, w turnieju Nordyński Cup 2019, organizowanym przez AZS Łódź. W swojej kategorii wiekowej, na zakończenie sezonu 2019 zajął 4 miejsce w województwie łódzkim.</h4>
<p><img loading="lazy" decoding="async" class="aligncenter wp-image-9376 size-full" src="http://sp184lodz.edu.pl/wp-content/uploads/2020/10/Stas_Waga_SP184.jpg" alt="Stas" width="450" height="600" srcset="https://sp184lodz.edu.pl/wp-content/uploads/2020/10/Stas_Waga_SP184.jpg 450w, https://sp184lodz.edu.pl/wp-content/uploads/2020/10/Stas_Waga_SP184-225x300.jpg 225w" sizes="auto, (max-width: 450px) 100vw, 450px" /></p>

<p>Stanisław Waga, klasa 7a Stanisław Waga, uczeń klasy 7a, trenuje tenis ziemny od czterech lat w klubie Start Łódź. W tym czasie wielokrotnie stawał na podium, zdobywając medale i puchary. W dniach 14-15 maja odbyły się Letnie Mistrzostwa Województwa Łódzkiego <a href="https://sp184lodz.edu.pl/index.php/nasze-hobby/" class="read-more">czytaj więcej &#8230;</a></p>
